000
CXUS54 KHGX 011336
CLMPSX

CLIMATE REPORT
NATIONAL WEATHER SERVICE HOUSTON/GALVESTON TX
836 AM CDT THU SEP 01 2022

...................................

...THE PALACIOS CLIMATE SUMMARY FOR THE MONTH OF AUGUST 2022...

CLIMATE NORMAL PERIOD: 1991 TO 2020
CLIMATE RECORD PERIOD: 1943 TO 2022

WEATHER         OBSERVED          NORMAL  DEPART   LAST YEAR`S
                VALUE   DATE(S)   VALUE   FROM     VALUE DATE(S)
                                          NORMAL
................................................................
TEMPERATURE (F)
RECORD
 HIGH            101   MM
 LOW              74   08/05/2021
HIGHEST           97   08/11         MM      MM       95  08/29
LOWEST            75   08/31         MM      MM       74  08/05
                                                          08/15
                                                          08/16
AVG. MAXIMUM    92.2               92.8    -0.6     91.7
AVG. MINIMUM    79.6               78.5     1.1     79.1
MEAN            85.9               85.6     0.3     85.4
DAYS MAX >= 90    27               26.3     0.7       27
DAYS MAX <= 32     0                0.0     0.0        0
DAYS MIN <= 32     0                0.0     0.0        0
DAYS MIN <= 0      0                0.0     0.0        0

PRECIPITATION (INCHES)
RECORD
 MAXIMUM       17.46   2017
TOTALS          5.10               3.91    1.19
DAILY AVG.      0.16               0.13    0.03     0.15
DAYS >= .01       16                8.1     7.9       11
DAYS >= .10        9                5.0     4.0        8
DAYS >= .50        4                2.2     1.8        2
DAYS >= 1.00       0                0.9    -0.9        1
GREATEST
 24 HR. TOTAL   1.08   08/18 TO 08/19               2.80  08/05 TO 08/05

SNOWFALL (INCHES)
RECORDS
 TOTAL            MM   MM
TOTALS           0.0
SINCE 7/1        0.0
 LIQUID 7/1     0.00
DAYS >= TRACE      0
GREATEST
 24 HR TOTAL      MM

DEGREE DAYS
HEATING TOTAL      0                  0       0        0
 SINCE 7/1         0                  0       0       MM
COOLING TOTAL    658                640      18      641
 SINCE 1/1      2948               2595     353       MM
................................................................

WIND (MPH)
AVERAGE WIND SPEED              9.9
HIGHEST WIND SPEED/DIRECTION    36/030    DATE  08/10
HIGHEST GUST SPEED/DIRECTION    46/030    DATE  08/10

SKY COVER
AVERAGE SKY COVER           0.22

AVERAGE RH (PERCENT)     72

WEATHER CONDITIONS. NUMBER OF DAYS WITH
THUNDERSTORM             12     MIXED PRECIP               0
HEAVY RAIN                9     RAIN                       7
LIGHT RAIN               19     FREEZING RAIN              0
LT FREEZING RAIN          0     HAIL                       0
HEAVY SNOW                0     SNOW                       0
LIGHT SNOW                0     SLEET                      0
FOG                      12     FOG W/VIS <= 1/4 MILE      0
HAZE                      3

-  INDICATES NEGATIVE NUMBERS.
R  INDICATES RECORD WAS SET OR TIED.
MM INDICATES DATA IS MISSING.
T  INDICATES TRACE AMOUNT.

$$
