000
CXUS55 KPUB 011722
CLMPUB

CLIMATE REPORT
NATIONAL WEATHER SERVICE
1122 AM MDT SAT OCT 01 2022

...................................

...THE PUEBLO CO CLIMATE SUMMARY FOR THE MONTH OF SEPTEMBER 2022...

CLIMATE NORMAL PERIOD 1991 TO 2020
CLIMATE RECORD PERIOD 1888 TO 2022

WEATHER         OBSERVED          NORMAL  DEPART   LAST YEAR`S
                VALUE   DATE(S)   VALUE   FROM     VALUE DATE(S)
                                          NORMAL
................................................................
TEMPERATURE (F)
RECORD
 HIGH            103   09/06/2020
 LOW              21   09/29/1999
HIGHEST          101   09/08         85      16      101  09/11
LOWEST            44   09/12         43       1       36  09/22
AVG. MAXIMUM    88.3               83.1     5.2     88.2
AVG. MINIMUM    51.9               50.1     1.8     52.2
MEAN            70.1               66.6     3.5     70.2
DAYS MAX >= 90    17                9.1     7.9
DAYS MAX <= 32     0                0.0     0.0
DAYS MIN <= 32     0                0.6    -0.6
DAYS MIN <= 0      0                0.0     0.0

PRECIPITATION (INCHES)
RECORD
 MAXIMUM        3.93   1909
 MINIMUM           T   1956
TOTALS          0.49               0.65   -0.16     0.94
DAILY AVG.      0.02               0.02   -0.00
DAYS >= .01        5                4.6     0.4
DAYS >= .10        2                1.9     0.1
DAYS >= .50        0                0.3    -0.3
DAYS >= 1.00       0                0.0     0.0
GREATEST
 24 HR. TOTAL   0.31   09/02 TO 09/03

SNOWFALL (INCHES)
RECORDS
 TOTAL          14.0   1959
TOTALS           0.0                0.2    -0.2      0.0
SINCE 7/1        0.0                0.2    -0.2       MM
SNOWDEPTH AVG.     0
DAYS >= 1.0        0                0.1    -0.1
GREATEST
 SNOW DEPTH        0                                   0
 24 HR TOTAL      MM                                  MM

DEGREE DAYS
HEATING TOTAL     25                 70     -45       22
 SINCE 7/1        25                 74     -49       MM
COOLING TOTAL    185                118      67      180
 SINCE 1/1      1360               1073     287       MM
................................................................

WIND (MPH)
AVERAGE WIND SPEED              7.4
HIGHEST WIND SPEED/DIRECTION    41/360    DATE  09/02
HIGHEST GUST SPEED/DIRECTION    55/350    DATE  09/02

SKY COVER
POSSIBLE SUNSHINE (PERCENT)   MM
AVERAGE SKY COVER           0.14
NUMBER OF DAYS FAIR           26
NUMBER OF DAYS PC              2
NUMBER OF DAYS CLOUDY          2

AVERAGE RH (PERCENT)     44

WEATHER CONDITIONS. NUMBER OF DAYS WITH
THUNDERSTORM              2     MIXED PRECIP               0
HEAVY RAIN                2     RAIN                       3
LIGHT RAIN                8     FREEZING RAIN              0
LT FREEZING RAIN          0     HAIL                       0
HEAVY SNOW                0     SNOW                       0
LIGHT SNOW                0     SLEET                      0
FOG                       6     FOG W/VIS <= 1/4 MILE      0
HAZE                      0

-  INDICATES NEGATIVE NUMBERS.
R  INDICATES RECORD WAS SET OR TIED.
MM INDICATES DATA IS MISSING.
T  INDICATES TRACE AMOUNT.

$$
