000
CXUS56 KOTX 010853
CLMPUW

CLIMATE REPORT
NATIONAL WEATHER SERVICE SPOKANE WA
153 AM PDT SAT OCT 01 2022

...................................

...THE PULLMAN_MOSCOW  AIRPORT CLIMATE SUMMARY FOR THE MONTH OF SEPTEMBER 2022...

CLIMATE NORMAL PERIOD 1991 TO 2020
CLIMATE RECORD PERIOD 9999 TO 9999

WEATHER         OBSERVED          NORMAL  DEPART   LAST YEAR`S
                VALUE   DATE(S)   VALUE   FROM     VALUE DATE(S)
                                          NORMAL
................................................................
TEMPERATURE (F)
RECORD
 HIGH            100   09/04/1998
 LOW              20   09/29/1983
HIGHEST           96   09/02         MM      MM       89  09/07
LOWEST            35   09/17         MM      MM       37  09/01
AVG. MAXIMUM    76.9               74.2     2.7     73.0
AVG. MINIMUM    47.2               45.4     1.8     47.1
MEAN            62.0               59.8     2.2     60.1
DAYS MAX >= 90     2                1.9     0.1        0
DAYS MAX <= 32     0                0.0     0.0        0
DAYS MIN <= 32     0                1.2    -1.2        0
DAYS MIN <= 0      0                0.0     0.0        0

PRECIPITATION (INCHES)
RECORD
 MAXIMUM        4.42   1927
 MINIMUM        0.00   1987
TOTALS          1.77               0.65    1.12     0.84
DAILY AVG.      0.06               0.02    0.04     0.03
DAYS >= .01        5                4.6     0.4        5
DAYS >= .10        2                2.1    -0.1        4
DAYS >= .50        1                0.1     0.9        0
DAYS >= 1.00       1                0.0     1.0        0
GREATEST
 24 HR. TOTAL   1.25   09/29 TO 09/29               0.38


DEGREE DAYS
HEATING TOTAL    122                189     -67      165
 SINCE 7/1       145                287    -142       MM
COOLING TOTAL     39                 32       7       24
 SINCE 1/1       402                282     120       MM
................................................................

WIND (MPH)
AVERAGE WIND SPEED              4.8
HIGHEST WIND SPEED/DIRECTION    25/070    DATE  09/03
HIGHEST GUST SPEED/DIRECTION    42/070    DATE  09/03

SKY COVER
POSSIBLE SUNSHINE (PERCENT)   MM
AVERAGE SKY COVER           0.24
NUMBER OF DAYS FAIR           22
NUMBER OF DAYS PC              4
NUMBER OF DAYS CLOUDY          4

AVERAGE RH (PERCENT)     49

WEATHER CONDITIONS. NUMBER OF DAYS WITH
THUNDERSTORM              2     MIXED PRECIP               0
HEAVY RAIN                2     RAIN                       2
LIGHT RAIN                7     FREEZING RAIN              0
LT FREEZING RAIN          0     HAIL                       0
HEAVY SNOW                0     SNOW                       0
LIGHT SNOW                0     SLEET                      0
FOG                       5     FOG W/VIS <= 1/4 MILE      0
HAZE                     20

-  INDICATES NEGATIVE NUMBERS.
R  INDICATES RECORD WAS SET OR TIED.
MM INDICATES DATA IS MISSING.
T  INDICATES TRACE AMOUNT.

$$
