000
CXUS51 KBOX 011611
CLMPVD

CLIMATE REPORT
NATIONAL WEATHER SERVICE BOSTON/NORTON MA
1211 PM EDT THU SEP 01 2022

...................................

...THE PROVIDENCE RI CLIMATE SUMMARY FOR THE MONTH OF AUGUST 2022...

CLIMATE NORMAL PERIOD 1991 TO 2020
CLIMATE RECORD PERIOD 1904 TO 2022

WEATHER         OBSERVED          NORMAL  DEPART   LAST YEAR`S
                VALUE   DATE(S)   VALUE   FROM     VALUE
                                          NORMAL
..............................................................
TEMPERATURE (F)
RECORD
 HIGH            104   08/02/1975
 LOW              40   08/31/1965
HIGHEST           98   08/09                          94
LOWEST            57   08/14                          55
AVG. MAXIMUM    86.8               82.2     4.6
AVG. MINIMUM    67.2               63.9     3.3
MEAN            77.0               73.0     4.0
DAYS MAX >= 90     8                3.4     4.6
DAYS MAX <= 32     0                0.0     0.0
DAYS MIN <= 32     0                0.0     0.0
DAYS MIN <= 0      0                0.0     0.0

PRECIPITATION (INCHES)
RECORD
 MAXIMUM       12.24   1946
 MINIMUM        0.71   1984
TOTALS          1.69               3.59   -1.90
DAILY AVG.      0.05               0.12   -0.07
DAYS >= .01        9                9.1    -0.1
DAYS >= .10        6                5.8     0.2
DAYS >= .50        1                2.4    -1.4
DAYS >= 1.00       0                0.9    -0.9
GREATEST
 24 HR. TOTAL   0.67   08/22 TO 08/23

SNOWFALL (INCHES)
RECORDS
 TOTAL           0.0   MM
 SNOW DEPTH        0   MM
TOTALS           0.0                0.0     0.0
 LIQUID EQUIV   0.00
SINCE 7/1        0.0                0.0     0.0
SNOWDEPTH AVG.     0
DAYS >= TRACE      0                0.0     0.0
DAYS >= 1.0        0                0.0     0.0
GREATEST
 SNOW DEPTH        0
 24 HR TOTAL      MM

DEGREE DAYS
HEATING TOTAL      0                  3      -3
 SINCE 7/1         0                  2      -2
COOLING TOTAL    381                252     129
 SINCE 1/1       950                712     238
..............................................................

WIND (MPH)
AVERAGE WIND SPEED              8.1
RESULTANT WIND SPEED/DIRECTION   3/220
HIGHEST WIND SPEED/DIRECTION    23/210    DATE  08/08
                                23/290          08/18
                                23/180          08/26
HIGHEST GUST SPEED/DIRECTION    MM        DATE   MM

SKY COVER
POSSIBLE SUNSHINE (PERCENT)   MM
AVERAGE SKY COVER           0.53
NUMBER OF DAYS FAIR            4
NUMBER OF DAYS PC             21
NUMBER OF DAYS CLOUDY          6

AVERAGE RH (PERCENT)     70

WEATHER CONDITIONS. NUMBER OF DAYS WITH
THUNDERSTORM              5     MIXED PRECIP               0
HEAVY RAIN                3     RAIN                       2
LIGHT RAIN               10     FREEZING RAIN              0
LT FREEZING RAIN          0     HAIL                       0
HEAVY SNOW                0     SNOW                       0
LIGHT SNOW                0     SLEET                      0
FOG                      10     FOG W/VIS <= 1/4 MILE      1
HAZE                      0

-  INDICATES NEGATIVE NUMBERS.
R  INDICATES RECORD WAS SET OR TIED.
MM INDICATES DATA IS MISSING.
T  INDICATES TRACE AMOUNT.

$$
