000
CXUS56 KSGX 020230
CLMRAL

CLIMATE REPORT
NATIONAL WEATHER SERVICE SAN DIEGO, CA
730 PM PDT SAT OCT 01 2022

...................................

...THE RIVERSIDE MUNI AIRPORT CA CLIMATE SUMMARY FOR THE MONTH OF SEPTEMBER 2022...

CLIMATE NORMAL PERIOD: 1991 TO 2020
CLIMATE RECORD PERIOD: 1893 TO 2022

WEATHER         OBSERVED          NORMAL  DEPART   LAST YEAR`S
                VALUE   DATE(S)   VALUE   FROM     VALUE DATE(S)
                                          NORMAL
................................................................
TEMPERATURE (F)
RECORD
 HIGH            117   09/06/2020
                       09/05/2020
                       07/28/1995
 LOW              37   09/15/1902
HIGHEST          110   09/04         91      19      107  09/05
LOWEST            58   09/22         61      -3       53  09/30
AVG. MAXIMUM    95.0               91.3     3.7     91.3
AVG. MINIMUM    68.3               61.9     6.4     62.5
MEAN            81.6               76.6     5.0     76.9
DAYS MAX >= 90    18               18.9    -0.9       18
DAYS MAX <= 32     0                0.0     0.0        0
DAYS MAX >= 45    30                                  30
DAYS MAX >= 120    0                                   0
DAYS MIN <= 32     0                0.0     0.0        0

PRECIPITATION (INCHES)
RECORD
 MAXIMUM        3.91   1963
 MINIMUM        0.00   2020
TOTALS          0.14               0.11    0.03        T
DAILY AVG.      0.00               0.00   -0.00        T
DAYS >= .01        2                0.5     1.5        0
DAYS >= .10        1                0.1     0.9        0
DAYS >= .50        0                0.0     0.0        0
DAYS >= 1.00       0                0.0     0.0        0
DAYS >= %-5.2F     0                                   0
DAYS >= %-5.2F     0                                   0
GREATEST
 24 HR. TOTAL   0.11   09/09 TO 09/09                  T  09/30 TO 09/30
                                                          09/26 TO 09/26
                                                          09/30 TO 09/30
 STORM TOTAL    0.11                                0.00
 (MM/DD(HH))            MM


DEGREE DAYS
HEATING TOTAL      0                  2      -2        0
 SINCE 7/1         0                  0       0       MM
COOLING TOTAL    509                349     160      365
 SINCE 1/1      2192               1665     527       MM

FREEZE DATES
RECORD
 EARLIEST     10/21/1949
 LATEST       04/28/1894
EARLIEST                        01/17
LATEST                          01/02
................................................................

WIND (MPH)
AVERAGE WIND SPEED              4.9
RESULTANT WIND SPEED/DIRECTION   3/270
HIGHEST WIND SPEED/DIRECTION    25/100    DATE  09/09
HIGHEST GUST SPEED/DIRECTION    35/110    DATE  09/09

SKY COVER
POSSIBLE SUNSHINE (PERCENT)   MM
AVERAGE SKY COVER           0.15
NUMBER OF DAYS FAIR           23
NUMBER OF DAYS PC              6
NUMBER OF DAYS CLOUDY          0

AVERAGE RH (PERCENT)     53

WEATHER CONDITIONS. NUMBER OF DAYS WITH
THUNDERSTORM              3     MIXED PRECIP               0
HEAVY RAIN                0     RAIN                       1
LIGHT RAIN                3     FREEZING RAIN              0
LT FREEZING RAIN          0     HAIL                       0
HEAVY SNOW                0     SNOW                       0
LIGHT SNOW                0     SLEET                      0
FOG                       3     FOG W/VIS <= 1/4 MILE      1
HAZE                      4

-  INDICATES NEGATIVE NUMBERS.
R  INDICATES RECORD WAS SET OR TIED.
MM INDICATES DATA IS MISSING.
T  INDICATES TRACE AMOUNT.

$$
