000
CXUS56 KSTO 150933
CLMRDD

CLIMATE REPORT
NATIONAL WEATHER SERVICE SACRAMENTO
233 AM PDT THU SEP 15 2022

...................................

...THE REDDING CA AIRPORT AND CITY CLIMATE SUMMARY FOR THE MONTH OF AUGUST 2022...

CLIMATE NORMAL PERIOD: 1991 TO 2020
CLIMATE RECORD PERIOD: 1893 TO 2022

WEATHER         OBSERVED          NORMAL  DEPART   LAST YEAR`S
                VALUE   DATE(S)   VALUE   FROM     VALUE
                                          NORMAL
..............................................................
TEMPERATURE (F)
RECORD
 HIGH            116   08/15/2021
 LOW              50   08/30/2010
HIGHEST          110   08/16         MM      MM
                       08/17
                       08/20
LOWEST            61   08/11         MM      MM
                       08/12
AVG. MAXIMUM   102.7               98.1     4.6
AVG. MINIMUM    68.6               63.9     4.7
MEAN            85.7               81.0     4.7
DAYS MAX >= 90    31               27.3     3.7
DAYS MAX <= 32     0                0.0     0.0
DAYS MIN <= 32     0                0.0     0.0
DAYS MIN <= 0      0                0.0     0.0

PRECIPITATION (INCHES)
RECORD
 MAXIMUM        1.01   2019
 MINIMUM        0.00   2021
TOTALS             T               0.13   -0.13     0.00
DAYS >= .01        0
DAYS >= .10        0
DAYS >= .50        0
DAYS >= 1.00       0

SNOWFALL (INCHES)
RECORDS
 TOTAL            MM   MM
 24 HR TOTAL      MM
TOTALS            MM                0.0      MM
 LIQUID EQUIV     MM               0.00      MM
SINCE 7/1         MM                0.0      MM
 LIQUID 7/1       MM
DAYS >= TRACE     MM                0.0      MM
DAYS >= 1.0       MM                0.0      MM
GREATEST
 SNOW DEPTH       MM
 24 HR TOTAL      MM
 STORM TOTAL      MM
 (MM/DD(HH))

DEGREE DAYS
HEATING TOTAL      0                  0       0
 SINCE 7/1         0                  0       0
COOLING TOTAL    648                496     152
 SINCE 1/1      1891               1629     262

FREEZE DATES
RECORD
 EARLIEST     MM
 LATEST       MM
EARLIEST                        MM
LATEST                          04/12
..............................................................

WIND (MPH)
AVERAGE WIND SPEED              4.9
HIGHEST WIND SPEED/DIRECTION    26/170    DATE  08/09
HIGHEST GUST SPEED/DIRECTION    32/170    DATE  08/09

SKY COVER
POSSIBLE SUNSHINE (PERCENT)   MM
AVERAGE SKY COVER           0.04
NUMBER OF DAYS FAIR           31
NUMBER OF DAYS PC              0
NUMBER OF DAYS CLOUDY          0

AVERAGE RH (PERCENT)     31

WEATHER CONDITIONS. NUMBER OF DAYS WITH
THUNDERSTORM              0     MIXED PRECIP               0
HEAVY RAIN                0     RAIN                       0
LIGHT RAIN                1     FREEZING RAIN              0
LT FREEZING RAIN          0     HAIL                       0
HEAVY SNOW                0     SNOW                       0
LIGHT SNOW                0     SLEET                      0
FOG                       0     FOG W/VIS <= 1/4 MILE      0
HAZE                     15

-  INDICATES NEGATIVE NUMBERS.
R  INDICATES RECORD WAS SET OR TIED.
MM INDICATES DATA IS MISSING.
T  INDICATES TRACE AMOUNT.

$$
