000
CXUS51 KPHI 040236
CLMRDG

CLIMATE REPORT
NATIONAL WEATHER SERVICE MOUNT HOLLY NJ
1036 PM EDT SAT SEP 03 2022

...................................

...THE READING PA CLIMATE SUMMARY FOR THE MONTH OF AUGUST 2022...

CLIMATE NORMAL PERIOD: 1991 TO 2020
CLIMATE RECORD PERIOD: 1869 TO 2022

WEATHER         OBSERVED          NORMAL  DEPART   LAST YEAR`S
                VALUE   DATE(S)   VALUE   FROM     VALUE
                                          NORMAL
..............................................................
TEMPERATURE (F)
RECORD
 HIGH            105   08/07/1918
 LOW              42   08/31/1986
                       08/30/1986
                       08/29/1986
HIGHEST           97                 MM      MM       96
LOWEST            56                 MM      MM       57
AVG. MAXIMUM    89.7               84.4     5.3     87.0
AVG. MINIMUM    67.6               64.1     3.5     68.5
MEAN            78.7               74.3     4.4     77.8
DAYS MAX >= 90    16                5.4    10.6       11
DAYS MAX <= 32     0                0.0     0.0        0
DAYS MIN <= 32     0                0.0     0.0        0
DAYS MIN <= 0      0                0.0     0.0        0

PRECIPITATION (INCHES)
RECORD
 MAXIMUM       14.85   1955
 MINIMUM        0.17   1995
TOTALS          1.07               4.49   -3.42     6.90
DAILY AVG.      0.03               0.14   -0.11     0.22
DAYS >= .01        6               11.2    -5.2       12
DAYS >= .10        3                7.4    -4.4       10
DAYS >= .50        1                3.0    -2.0        6
DAYS >= 1.00       0                1.5    -1.5        2
GREATEST
 24 HR. TOTAL   0.51   08/22 TO 08/22               1.94


DEGREE DAYS
HEATING TOTAL      0                  3      -3        0
 SINCE 7/1         0                  0       0       MM
COOLING TOTAL    428                289     139      403
 SINCE 1/1      1182                924     258       MM
..............................................................

WIND (MPH)
AVERAGE WIND SPEED              5.1
HIGHEST WIND SPEED/DIRECTION    30/290    DATE  08/22
HIGHEST GUST SPEED/DIRECTION    38/290    DATE  08/22

SKY COVER
POSSIBLE SUNSHINE (PERCENT)   MM
AVERAGE SKY COVER           0.29
NUMBER OF DAYS FAIR           22
NUMBER OF DAYS PC              9
NUMBER OF DAYS CLOUDY          0

AVERAGE RH (PERCENT)     65

WEATHER CONDITIONS. NUMBER OF DAYS WITH
THUNDERSTORM              5     MIXED PRECIP               0
HEAVY RAIN                3     RAIN                       2
LIGHT RAIN               11     FREEZING RAIN              0
LT FREEZING RAIN          0     HEAVY SNOW                 0
SNOW                      0     LIGHT SNOW                 0
SLEET                     0     FOG                       18
FOG W/VIS <= 1/4 MILE     1     HAZE                       5

-  INDICATES NEGATIVE NUMBERS.
R  INDICATES RECORD WAS SET OR TIED.
MM INDICATES DATA IS MISSING.
T  INDICATES TRACE AMOUNT.

$$
