000
CXUS56 KPDT 012158
CLMRDM

CLIMATE REPORT
NATIONAL WEATHER SERVICE PENDLETON, OR
258 PM PDT THU SEP 01 2022

...................................

...THE REDMOND OR CLIMATE SUMMARY FOR THE MONTH OF AUGUST 2022...

CLIMATE NORMAL PERIOD 1991 TO 2020
CLIMATE RECORD PERIOD 1949 TO 2022

WEATHER         OBSERVED          NORMAL  DEPART   LAST YEAR`S
                VALUE   DATE(S)   VALUE   FROM     VALUE DATE(S)
                                          NORMAL
................................................................
TEMPERATURE (F)
RECORD
 HIGH            108   08/07/1972
 LOW              25   08/28/1960
HIGHEST          101   08/08                         103  08/15
LOWEST            41   08/13                          34  08/23
                       08/28
AVG. MAXIMUM    93.0               86.5     6.5     87.5
AVG. MINIMUM    52.4               47.2     5.2     48.5
MEAN            72.7               66.8     5.9     68.0
DAYS MAX >= 90    25               11.3    13.7       13
DAYS MAX <= 32     0                0.0     0.0        0
DAYS MIN <= 32     0                0.4    -0.4        0
DAYS MIN <= 0      0                0.0     0.0        0

PRECIPITATION (INCHES)
RECORD
 MAXIMUM        2.54   1976
 MINIMUM        0.00   1992
TOTALS          0.05               0.46   -0.41        T
DAILY AVG.      0.00               0.01   -0.01        T
DAYS >= .01        1                2.8    -1.8        0
DAYS >= .10        0                1.2    -1.2        0
DAYS >= .50        0                0.2    -0.2        0
DAYS >= 1.00       0                0.0     0.0        0
GREATEST
 24 HR. TOTAL   0.05   08/09 TO 08/09                  T  08/05 TO 08/05


DEGREE DAYS
HEATING TOTAL      3                 53     -50       55
 SINCE 7/1         4                 97     -93       MM
COOLING TOTAL    248                110     138      155
 SINCE 1/1       523                286     237       MM
................................................................

WIND (MPH)
AVERAGE WIND SPEED              6.6
RESULTANT WIND SPEED/DIRECTION   3/320
HIGHEST WIND SPEED/DIRECTION    28/220    DATE  08/03
HIGHEST GUST SPEED/DIRECTION    36/230    DATE  08/03

AVERAGE RH (PERCENT)     42

WEATHER CONDITIONS. NUMBER OF DAYS WITH
THUNDERSTORM              2     MIXED PRECIP               0
HEAVY RAIN                0     RAIN                       0
LIGHT RAIN                1     FREEZING RAIN              0
LT FREEZING RAIN          0     HAIL                       0
HEAVY SNOW                0     SNOW                       0
LIGHT SNOW                0     SLEET                      0
FOG                       1     FOG W/VIS <= 1/4 MILE      1
HAZE                      3

-  INDICATES NEGATIVE NUMBERS.
R  INDICATES RECORD WAS SET OR TIED.
MM INDICATES DATA IS MISSING.
T  INDICATES TRACE AMOUNT.

$$
