000
CXUS53 KGRB 011000
CLMRHI

CLIMATE REPORT
NATIONAL WEATHER SERVICE GREEN BAY
500 AM CDT THU SEP 01 2022

...................................

...THE RHINELANDER WI CLIMATE SUMMARY FOR THE MONTH OF AUGUST 2022...

CLIMATE NORMAL PERIOD: 1991 TO 2020
CLIMATE RECORD PERIOD: 1908 TO 2022

WEATHER         OBSERVED          NORMAL  DEPART   LAST YEAR`S
                VALUE   DATE(S)   VALUE   FROM     VALUE DATE(S)
                                          NORMAL
................................................................
TEMPERATURE (F)
RECORD
 HIGH             97   08/16/1988
                       08/02/1964
 LOW              28   08/30/1915
HIGHEST           87   08/03         89      -2       86  08/19
LOWEST            47   08/09         41       6       44  08/02
                       08/22
                                                          08/22
AVG. MAXIMUM    76.5               77.3    -0.8     78.7
AVG. MINIMUM    54.2               52.4     1.8     54.3
MEAN            65.3               64.9     0.4     66.5
DAYS MAX >= 90     0                0.6    -0.6        0
DAYS MAX <= 32     0                0.0     0.0        0
DAYS MIN <= 32     0                0.0     0.0        0
DAYS MIN <= 0      0                0.0     0.0        0

PRECIPITATION (INCHES)
RECORD
 MAXIMUM        9.15   1978
 MINIMUM        0.69   1970
TOTALS          4.43               3.09    1.34     4.66
DAYS >= .01       13               11.3     1.7       13
DAYS >= .10        8                6.3     1.7        8
DAYS >= .50        3                2.2     0.8        4
DAYS >= 1.00       1                0.6     0.4        2
GREATEST
 STORM TOTAL    1.30
 (MM/DD(HH))

SNOWFALL (INCHES)
RECORDS
 TOTAL           0.0   MM
TOTALS           0.0                 MM      MM      0.0
SINCE 7/1        0.0                 MM      MM       MM
DAYS >= TRACE      0                 MM      MM        0
DAYS >= 1.0        0                 MM      MM        0
GREATEST
 SNOW DEPTH        0                                   0  MM
 24 HR TOTAL      MM

DEGREE DAYS
HEATING TOTAL     40                 77     -37       33
 SINCE 7/1        66                127     -61       MM
COOLING TOTAL     58                 72     -14       85
 SINCE 1/1       267                255      12       MM
................................................................

WIND (MPH)
AVERAGE WIND SPEED              5.2
HIGHEST WIND SPEED/DIRECTION    29/210    DATE  08/03
HIGHEST GUST SPEED/DIRECTION    45/200    DATE  08/03

SKY COVER
POSSIBLE SUNSHINE (PERCENT)   MM
AVERAGE SKY COVER           0.42
NUMBER OF DAYS FAIR           15
NUMBER OF DAYS PC             11
NUMBER OF DAYS CLOUDY          5

AVERAGE RH (PERCENT)     73

WEATHER CONDITIONS. NUMBER OF DAYS WITH
THUNDERSTORM              7     MIXED PRECIP               0
HEAVY RAIN                6     RAIN                       7
LIGHT RAIN               15     FREEZING RAIN              0
LT FREEZING RAIN          0     HAIL                       0
HEAVY SNOW                0     SNOW                       0
LIGHT SNOW                0     SLEET                      0
FOG                      22     FOG W/VIS <= 1/4 MILE      8
HAZE                      1

-  INDICATES NEGATIVE NUMBERS.
R  INDICATES RECORD WAS SET OR TIED.
MM INDICATES DATA IS MISSING.
T  INDICATES TRACE AMOUNT.

$$
