000
CXUS55 KGJT 010949
CLMRIL

CLIMATE REPORT
NATIONAL WEATHER SERVICE GRAND JUNCTION CO
349 AM MDT THU SEP 01 2022

...................................

...THE RIFLE CO CLIMATE SUMMARY FOR THE MONTH OF AUGUST 2022...

CLIMATE NORMAL PERIOD 1991 TO 2020
CLIMATE RECORD PERIOD 9999 TO 9999

WEATHER         OBSERVED          NORMAL  DEPART   LAST YEAR`S
                VALUE   DATE(S)   VALUE   FROM     VALUE DATE(S)
                                          NORMAL
................................................................
TEMPERATURE (F)
HIGHEST           99   08/11         MM      MM       99  08/13
LOWEST            48   08/27         MM      MM       44  08/20
                       08/29
AVG. MAXIMUM    90.9               88.9     2.0     89.9
AVG. MINIMUM    56.9               53.6     3.3     53.8
MEAN            73.9               71.3     2.6     71.8
DAYS MAX >= 90    22               14.9     7.1       20
DAYS MAX <= 32     0                0.0     0.0        0
DAYS MIN <= 32     0                0.0     0.0        0
DAYS MIN <= 0      0                0.0     0.0        0

PRECIPITATION (INCHES)
TOTALS          0.66               1.07   -0.41     0.80
DAILY AVG.      0.02               0.03   -0.01     0.03
DAYS >= .01        7                9.0    -2.0        6
DAYS >= .10        3                3.6    -0.6        2
DAYS >= .50        0                0.3    -0.3        0
DAYS >= 1.00       0                0.0     0.0        0
GREATEST
 24 HR. TOTAL   0.31   08/20 TO 08/21               0.49

SNOWFALL (INCHES)
TOTALS            MM                 MM      MM       MM
SINCE 7/1         MM                 MM      MM       MM
SNOWDEPTH AVG.    MM                                  MM
DAYS >= 1.0       MM                 MM      MM       MM
GREATEST
 SNOW DEPTH       MM                                  MM  MM
 24 HR TOTAL      MM                                  MM

DEGREE DAYS
HEATING TOTAL      0                  5      -5       15
 SINCE 7/1         0                  2      -2       15
COOLING TOTAL    286                199      87      234
 SINCE 1/1       758                593     165      840
................................................................

WIND (MPH)
AVERAGE WIND SPEED              5.1
HIGHEST WIND SPEED/DIRECTION    36/170    DATE  08/19
HIGHEST GUST SPEED/DIRECTION    48/170    DATE  08/19

SKY COVER
POSSIBLE SUNSHINE (PERCENT)   MM
AVERAGE SKY COVER           0.14
NUMBER OF DAYS FAIR           28
NUMBER OF DAYS PC              3
NUMBER OF DAYS CLOUDY          0

AVERAGE RH (PERCENT)     45

WEATHER CONDITIONS. NUMBER OF DAYS WITH
THUNDERSTORM             16     MIXED PRECIP               0
HEAVY RAIN                0     RAIN                       3
LIGHT RAIN               15     FREEZING RAIN              0
LT FREEZING RAIN          0     HAIL                       0
HEAVY SNOW                0     SNOW                       0
LIGHT SNOW                0     SLEET                      0
FOG                       1     FOG W/VIS <= 1/4 MILE      0
HAZE                      1

-  INDICATES NEGATIVE NUMBERS.
R  INDICATES RECORD WAS SET OR TIED.
MM INDICATES DATA IS MISSING.
T  INDICATES TRACE AMOUNT.

$$
