000
CXUS51 KRNK 010804
CLMRNK

CLIMATE REPORT
NATIONAL WEATHER SERVICE BLACKSBURG, VA
404 AM EDT THU SEP 01 2022

...................................

...THE BLACKSBURG VA CLIMATE SUMMARY FOR THE MONTH OF AUGUST 2022...

CLIMATE NORMAL PERIOD: 1991 TO 2020
CLIMATE RECORD PERIOD: 1893 TO 2022

WEATHER         OBSERVED          NORMAL  DEPART   LAST YEAR`S
                VALUE   DATE(S)   VALUE   FROM     VALUE
                                          NORMAL
..............................................................
TEMPERATURE (F)
RECORD
 HIGH             99   08/23/1983
 LOW              35   08/26/1917
HIGHEST           88   08/03                          91
                       08/05
LOWEST            53   08/13                          56
AVG. MAXIMUM    81.7               81.2     0.5     84.5
AVG. MINIMUM    62.0               59.5     2.5     62.6
MEAN            71.8               70.4     1.4     73.6
DAYS MAX >= 90     0                1.7    -1.7       MM
DAYS MAX <= 32     0                0.0     0.0       MM
DAYS MIN <= 32     0                0.0     0.0       MM
DAYS MIN <= 0      0                0.0     0.0       MM

PRECIPITATION (INCHES)
RECORD
 MAXIMUM       10.53   1901
 MINIMUM        0.87   2002
TOTALS          6.47               3.57    2.90     5.90
DAYS >= .01       18               11.5     6.5       12
DAYS >= .10       13                6.8     6.2        7
DAYS >= .50        5                2.5     2.5        4
DAYS >= 1.00       2                0.7     1.3        2
GREATEST
 24 HR. TOTAL   1.71                                2.29

SNOWFALL (INCHES)
TOTALS           0.0                0.0     0.0      0.0
DAYS >= TRACE      0                0.0     0.0        0
DAYS >= 1.0        0                0.0     0.0        0
GREATEST
 24 HR TOTAL     0.0                                  MM

DEGREE DAYS
HEATING TOTAL      2                 10      -8        0
COOLING TOTAL    223                175      48      275
..............................................................

WIND (MPH)
AVERAGE WIND SPEED              1.8
RESULTANT WIND SPEED/DIRECTION   0/100
HIGHEST WIND SPEED/DIRECTION    14/300    DATE  08/01
                                14/300          08/06
                                14/310          08/10
HIGHEST GUST SPEED/DIRECTION    29/300    DATE  08/01

SKY COVER
AVERAGE SKY COVER           0.49

AVERAGE RH (PERCENT)     80

WEATHER CONDITIONS. NUMBER OF DAYS WITH
THUNDERSTORM              7     MIXED PRECIP               0
HEAVY RAIN               11     RAIN                      14
LIGHT RAIN               21     FREEZING RAIN              0
LT FREEZING RAIN          0     HAIL                       0
HEAVY SNOW                0     SNOW                       0
LIGHT SNOW                0     SLEET                      0
FOG                      22     FOG W/VIS <= 1/4 MILE      7
HAZE                      0

-  INDICATES NEGATIVE NUMBERS.
R  INDICATES RECORD WAS SET OR TIED.
MM INDICATES DATA IS MISSING.
T  INDICATES TRACE AMOUNT.

$$
