000
CXUS56 KSGX 010938
CLMRNM

CLIMATE REPORT
NATIONAL WEATHER SERVICE SAN DIEGO, CA
238 AM PDT THU SEP 01 2022

...................................

...THE RAMONA AIRPORT CA CLIMATE SUMMARY FOR THE MONTH OF AUGUST 2022...

CLIMATE NORMAL PERIOD: 1991 TO 2020
CLIMATE RECORD PERIOD: 1974 TO 2022

WEATHER         OBSERVED          NORMAL  DEPART   LAST YEAR`S
                VALUE   DATE(S)   VALUE   FROM     VALUE DATE(S)
                                          NORMAL
................................................................
TEMPERATURE (F)
RECORD
 HIGH            111   08/31/2017
 LOW              38   08/23/1978
HIGHEST          104   08/31         91      13      100  08/27
LOWEST            57   08/23         57       0       48  08/07
                       08/27
AVG. MAXIMUM    93.9               90.8     3.1     90.1
AVG. MINIMUM    62.2               58.7     3.5     58.2
MEAN            78.1               74.7     3.4     74.2
DAYS MAX >= 90    25               17.7     7.3       20
DAYS MAX <= 32     0                0.0     0.0        0
DAYS MAX >= 45    31                                  30
DAYS MAX >= 120    0                                   0
DAYS MIN <= 32     0                0.0     0.0        0
DAYS MIN <= 0      0                0.0     0.0        0

PRECIPITATION (INCHES)
RECORD
 MAXIMUM        2.17   1977
 MINIMUM        0.00   2020
TOTALS             T               0.04   -0.04     0.91
DAILY AVG.         T               0.00   -0.00     0.03
DAYS >= .01        0                1.1    -1.1        2
DAYS >= .10        0                0.2    -0.2        1
DAYS >= .50        0                0.0     0.0        1
DAYS >= 1.00       0                0.0     0.0        0
DAYS >= %-5.2F     0                                   0
DAYS >= %-5.2F     0                                   0
GREATEST
 24 HR. TOTAL      T   08/08 TO 08/08               0.89  08/29 TO 08/29
 STORM TOTAL    0.00                                0.89
 (MM/DD(HH))            MM


DEGREE DAYS
HEATING TOTAL      0                  1      -1        0
 SINCE 7/1         0                  1      -1       MM
COOLING TOTAL    412                303     109      302
 SINCE 1/1       949                692     257       MM

FREEZE DATES
RECORD
 EARLIEST     10/10/1974
 LATEST       05/07/1975
EARLIEST                        MM
LATEST                          05/11
................................................................

WIND (MPH)
AVERAGE WIND SPEED              5.3
RESULTANT WIND SPEED/DIRECTION   5/280
HIGHEST WIND SPEED/DIRECTION    22/280    DATE  08/06
HIGHEST GUST SPEED/DIRECTION    29/320    DATE  08/07
                                29/310          08/31

SKY COVER
POSSIBLE SUNSHINE (PERCENT)   MM
AVERAGE SKY COVER           0.07
NUMBER OF DAYS FAIR           31
NUMBER OF DAYS PC              0
NUMBER OF DAYS CLOUDY          0

AVERAGE RH (PERCENT)     55

WEATHER CONDITIONS. NUMBER OF DAYS WITH
THUNDERSTORM              0     MIXED PRECIP               0
HEAVY RAIN                0     RAIN                       0
LIGHT RAIN                0     FREEZING RAIN              0
LT FREEZING RAIN          0     HAIL                       0
HEAVY SNOW                0     SNOW                       0
LIGHT SNOW                0     SLEET                      0
FOG                       5     FOG W/VIS <= 1/4 MILE      2
HAZE                      3

-  INDICATES NEGATIVE NUMBERS.
R  INDICATES RECORD WAS SET OR TIED.
MM INDICATES DATA IS MISSING.
T  INDICATES TRACE AMOUNT.

$$
