000
CXUS55 KREV 261536
CLMRNO

CLIMATE REPORT
NATIONAL WEATHER SERVICE RENO NV
156 AM PDT THU SEP 01 2022

...................................

...THE RENO-TAHOE INTL AIRPORT NV CLIMATE SUMMARY FOR THE MONTH OF AUGUST 2022...


THE AVERAGE TEMPERATURE FOR AUGUST 2022 AT THE RENO-TAHOE
INTERNATIONAL AIRPORT WAS 78.8 DEGREES, WHICH IS 3.7 DEGREES ABOVE
NORMAL. THE HIGHEST TEMPERATURE FOR AUGUST WAS 100 DEGREES, WHICH
OCCURRED ON THE 31ST. THE LOWEST TEMPERATURE FOR THE MONTH WAS 57
DEGREES, WHICH OCCURED ON THE 23RD.

FOR AUGUST 2022, 1.72 INCHES OF PRECIPITATION WAS RECORDED AT THE
RENO-TAHOE INTERNATIONAL AIRPORT. THIS IS 1.48 INCHES ABOVE NORMAL
FOR THE MONTH.

THE AVERAGE WIND SPEED FOR AUGUST 2022 WAS 5.7 MPH. THE PEAK WIND
GUST FOR THE MONTH WAS 40 MPH FROM THE WEST ON THE 3RD.

CLIMATE NORMAL PERIOD 1991 TO 2020
CLIMATE RECORD PERIOD 1888 TO 2022

WEATHER         OBSERVED          NORMAL  DEPART   LAST YEAR`S
                VALUE   DATE(S)   VALUE   FROM     VALUE
                                          NORMAL
..............................................................
TEMPERATURE (F)
RECORD
 HIGH            105   08/06/1983
                       08/11/1940
 LOW              24   08/29/1962
HIGHEST          100   08/31        105      -5
LOWEST            57   08/23         24      33
                       08/28
AVG. MAXIMUM    94.8               92.1     2.7
AVG. MINIMUM    62.8               58.1     4.7
MEAN            78.8               75.1     3.7
DAYS MAX >= 90    28               21.8     6.2
DAYS MAX <= 32     0                0.0     0.0
DAYS MIN <= 32     0                0.0     0.0
DAYS MIN <= 0      0                0.0     0.0

PRECIPITATION (INCHES)
RECORD
 MAXIMUM        1.65   1965
 MINIMUM        0.00   1994
TOTALS          1.72               0.24    1.48
DAILY AVG.      0.06               0.01    0.05
DAYS >= .01        6                1.6     4.4
DAYS >= .10        3                0.7     2.3
DAYS >= .50        1                0.2     0.8
DAYS >= 1.00       1                0.0     1.0
GREATEST
 24 HR. TOTAL   1.46   08/03 TO 08/04
 STORM TOTAL    1.22
 (MM/DD(HH))

SNOWFALL (INCHES)
RECORDS
 TOTAL             T   2013
 24 HR TOTAL      MM
TOTALS           0.0                0.0     0.0
 LIQUID EQUIV   0.00               0.00    0.00
SINCE 7/1        0.0                0.0     0.0
 LIQUID 7/1     0.00
DAYS >= TRACE      0                0.0     0.0
DAYS >= 1.0        0                0.0     0.0
GREATEST
 SNOW DEPTH        0
 24 HR TOTAL      MM
 STORM TOTAL     0.0
 (MM/DD(HH))

DEGREE DAYS
HEATING TOTAL      0                  3      -3
 SINCE 7/1         0                  2      -2
COOLING TOTAL    436                316     120
 SINCE 1/1      1111                913     198

FREEZE DATES
RECORD
 EARLIEST     08/23/1973
 LATEST       06/27/1974
EARLIEST                        MM
LATEST                          05/11
..............................................................

WIND (MPH)
AVERAGE WIND SPEED              5.7
HIGHEST WIND SPEED/DIRECTION    30/170    DATE  08/07
HIGHEST GUST SPEED/DIRECTION    40/270    DATE  08/03

AVERAGE RH (PERCENT)     36

WEATHER CONDITIONS. NUMBER OF DAYS WITH
THUNDERSTORM              7     MIXED PRECIP               0
HEAVY RAIN                3     RAIN                       2
LIGHT RAIN                9     FREEZING RAIN              0
LT FREEZING RAIN          0     HAIL                       1
HEAVY SNOW                0     SNOW                       0
LIGHT SNOW                0     SLEET                      0
FOG                       3     FOG W/VIS <= 1/4 MILE      0
HAZE                      0

-  INDICATES NEGATIVE NUMBERS.
R  INDICATES RECORD WAS SET OR TIED.
MM INDICATES DATA IS MISSING.
T  INDICATES TRACE AMOUNT.

$$
