000
CXUS55 KABQ 011401
CLMROW

CLIMATE REPORT
NATIONAL WEATHER SERVICE ALBUQUERQUE NM
801 AM MDT SAT OCT 01 2022

...................................

...THE ROSWELL NM CLIMATE SUMMARY FOR THE MONTH OF SEPTEMBER 2022...

CLIMATE NORMAL PERIOD 1991 TO 2020
CLIMATE RECORD PERIOD 1893 TO 2022

WEATHER         OBSERVED          NORMAL  DEPART   LAST YEAR`S
                VALUE   DATE(S)   VALUE   FROM     VALUE DATE(S)
                                          NORMAL
................................................................
TEMPERATURE (F)
RECORD
 HIGH            104   09/05/2012
                       09/04/2012
                       06/27/1924
 LOW              40   09/25/2000
HIGHEST           97   09/16         MM      MM      101  09/17
                       09/17
LOWEST            54   09/29         MM      MM       49  09/22
AVG. MAXIMUM    90.9               87.6     3.3     91.5
AVG. MINIMUM    62.4               61.2     1.2     61.4
MEAN            76.6               74.4     2.2     76.4
DAYS MAX >= 90    21               13.2     7.8       21
DAYS MAX <= 32     0                0.0     0.0        0
DAYS MIN <= 32     0                0.0     0.0        0
DAYS MIN <= 0      0                0.0     0.0        0

PRECIPITATION (INCHES)
TOTALS          0.13R              1.55   -1.42     1.16
DAILY AVG.      0.00               0.05   -0.05     0.04
DAYS >= .01        2                6.3    -4.3        6
DAYS >= .10        1                3.2    -2.2        2
DAYS >= .50        0                1.0    -1.0        1
DAYS >= 1.00       0                0.3    -0.3        0
GREATEST
 24 HR. TOTAL   0.12   09/03 TO 09/03               0.59

SNOWFALL (INCHES)
TOTALS           0.0                0.0     0.0      0.0
SINCE 7/1        0.0                0.0     0.0       MM
DAYS >= 1.0        0                0.0     0.0        0
GREATEST
 SNOW DEPTH        0                                   0  MM
 24 HR TOTAL      MM                                 0.0

DEGREE DAYS
HEATING TOTAL      0                  9      -9        3
 SINCE 7/1         0                  4      -4       MM
COOLING TOTAL    356                291      65      351
 SINCE 1/1      2559               2167     392       MM
................................................................

WIND (MPH)
AVERAGE WIND SPEED              6.9
HIGHEST WIND SPEED/DIRECTION    41/260    DATE  09/13
HIGHEST GUST SPEED/DIRECTION    58/260    DATE  09/13

SKY COVER
AVERAGE SKY COVER           0.11

AVERAGE RH (PERCENT)     52

WEATHER CONDITIONS. NUMBER OF DAYS WITH
THUNDERSTORM              3     MIXED PRECIP               0
HEAVY RAIN                1     RAIN                       1
LIGHT RAIN                6     FREEZING RAIN              0
LT FREEZING RAIN          0     HAIL                       0
HEAVY SNOW                0     SNOW                       0
LIGHT SNOW                0     SLEET                      0
FOG                       3     FOG W/VIS <= 1/4 MILE      1
HAZE                      2

-  INDICATES NEGATIVE NUMBERS.
R  INDICATES RECORD WAS SET OR TIED.
MM INDICATES DATA IS MISSING.
T  INDICATES TRACE AMOUNT.

$$
