000
CXUS53 KARX 010722
CLMRST

CLIMATE REPORT
NATIONAL WEATHER SERVICE LA CROSSE WI
222 AM CDT THU SEP 01 2022

...................................

...THE ROCHESTER MN CLIMATE SUMMARY FOR THE MONTH OF AUGUST 2022...

CLIMATE NORMAL PERIOD 1991 TO 2020
CLIMATE RECORD PERIOD 1886 TO 2022

WEATHER         OBSERVED          NORMAL  DEPART   LAST YEAR`S
                VALUE   DATE(S)   VALUE   FROM     VALUE DATE(S)
                                          NORMAL
................................................................
TEMPERATURE (F)
RECORD
 HIGH            100   08/24/1948
                       08/23/1948
                       08/04/1947
 LOW              32   08/30/1915
HIGHEST           85   08/02                          86  08/10
LOWEST            53   08/26                          50  08/22
                       08/30
AVG. MAXIMUM    77.5               78.0    -0.5     79.2
AVG. MINIMUM    58.6               58.3     0.3     59.0
MEAN            68.0               68.2    -0.2     69.1
DAYS MAX >= 90     0                0.5    -0.5        0
DAYS MAX <= 32     0                0.0     0.0        0
DAYS MIN <= 32     0                0.0     0.0        0
DAYS MIN <= 0      0                0.0     0.0        0

PRECIPITATION (INCHES)
RECORD
 MAXIMUM       14.07   2007
TOTALS          6.53               4.12    2.41     6.74
DAYS >= .01        9               10.0    -1.0       13
DAYS >= .10        8                6.0     2.0        7
DAYS >= .50        5                2.8     2.2        5
DAYS >= 1.00       2                1.1     0.9        1
GREATEST
 24 HR. TOTAL   2.55   08/06 TO 08/07               3.79  08/26 TO 08/27

SNOWFALL (INCHES)
RECORDS
 TOTAL           0.0   2020
 SNOW DEPTH        0   08/31/2020
TOTALS           0.0                0.0     0.0      0.0
SINCE 7/1        0.0                0.0     0.0       MM
SNOWDEPTH AVG.     0                                   0
DAYS >= TRACE      0                0.0     0.0        0
DAYS >= 1.0        0                0.0     0.0        0
GREATEST
 SNOW DEPTH        0                                   0  MM

DEGREE DAYS
HEATING TOTAL      5                 30     -25        5
 SINCE 7/1         8                 45     -37       MM
COOLING TOTAL    107                128     -21      139
 SINCE 1/1       535                474      61       MM
................................................................

WIND (MPH)
AVERAGE WIND SPEED              8.1
HIGHEST WIND SPEED/DIRECTION    33/300    DATE  08/18
HIGHEST GUST SPEED/DIRECTION    45/300    DATE  08/03

AVERAGE RH (PERCENT)     80

WEATHER CONDITIONS. NUMBER OF DAYS WITH
THUNDERSTORM              5     MIXED PRECIP               0
HEAVY RAIN                5     RAIN                       7
LIGHT RAIN               13     FREEZING RAIN              0
LT FREEZING RAIN          0     HAIL                       0
HEAVY SNOW                0     SNOW                       0
LIGHT SNOW                0     SLEET                      0
FOG                      16     FOG W/VIS <= 1/4 MILE      5
HAZE                      0

-  INDICATES NEGATIVE NUMBERS.
R  INDICATES RECORD WAS SET OR TIED.
MM INDICATES DATA IS MISSING.
T  INDICATES TRACE AMOUNT.

$$
