000
CXUS55 KCYS 011529
CLMRWL

CLIMATE REPORT
NATIONAL WEATHER SERVICE CHEYENNE WY
929 AM MDT SAT OCT 01 2022

...................................

...THE RAWLINS WYOMING AIRPORT CLIMATE SUMMARY FOR THE MONTH OF SEPTEMBER 2022...

CLIMATE NORMAL PERIOD 1991 TO 2020
CLIMATE RECORD PERIOD 1951 TO 2022

WEATHER         OBSERVED          NORMAL  DEPART   LAST YEAR`S
                VALUE   DATE(S)   VALUE   FROM     VALUE DATE(S)
                                          NORMAL
................................................................
TEMPERATURE (F)
RECORD
 HIGH             95   09/04/1998
 LOW               8   09/30/1985
HIGHEST           94   09/04         MM      MM       89
LOWEST            30   09/11         MM      MM       25
AVG. MAXIMUM    78.0               72.3     5.7     75.6
AVG. MINIMUM    43.4               40.7     2.7     42.0
MEAN            60.7               56.5     4.2     58.8
DAYS MAX >= 90     5                0.5     4.5        0
DAYS MAX <= 32     0                0.0     0.0        0
DAYS MIN <= 32     1                3.5    -2.5        3
DAYS MIN <= 0      0                0.0     0.0        0

PRECIPITATION (INCHES)
RECORD
 MAXIMUM        3.64   1965
TOTALS          1.23               0.89    0.34     1.54
DAYS >= .01        6                6.4    -0.4        8
DAYS >= .10        4                2.8     1.2        5
DAYS >= .50        1                0.2     0.8        0
DAYS >= 1.00       0                0.0     0.0        0
GREATEST
 24 HR. TOTAL   0.79   09/29 TO 09/30               0.37  09/12 TO 09/13


DEGREE DAYS
HEATING TOTAL    165                263     -98      185
 SINCE 7/1       170                341    -171       MM
COOLING TOTAL     43                  8      35        7
 SINCE 1/1       438                225     213       MM
................................................................

WIND (MPH)
AVERAGE WIND SPEED              8.7
HIGHEST WIND SPEED/DIRECTION    36/190    DATE  09/20
                                36/250          09/23
                                36/260          09/29
HIGHEST GUST SPEED/DIRECTION    51/220    DATE  09/20
                                51/240          09/23

SKY COVER
POSSIBLE SUNSHINE (PERCENT)   MM
AVERAGE SKY COVER           0.20
NUMBER OF DAYS FAIR           22
NUMBER OF DAYS PC              6
NUMBER OF DAYS CLOUDY          2

AVERAGE RH (PERCENT)     43

WEATHER CONDITIONS. NUMBER OF DAYS WITH
THUNDERSTORM              3     MIXED PRECIP               0
HEAVY RAIN                3     RAIN                       4
LIGHT RAIN                9     FREEZING RAIN              0
LT FREEZING RAIN          0     HAIL                       0
HEAVY SNOW                0     SNOW                       0
LIGHT SNOW                0     SLEET                      0
FOG                       3     FOG W/VIS <= 1/4 MILE      0
HAZE                      3

-  INDICATES NEGATIVE NUMBERS.
R  INDICATES RECORD WAS SET OR TIED.
MM INDICATES DATA IS MISSING.
T  INDICATES TRACE AMOUNT.

$$
