000
CXUS55 KTWC 030046
CLMSAD

CLIMATE REPORT
NATIONAL WEATHER SERVICE TUCSON AZ
546 PM MST SUN OCT 02 2022

...................................

...THE SAFFORD AZ AIRPORT CLIMATE SUMMARY FOR THE MONTH OF SEPTEMBER 2022...

CLIMATE NORMAL PERIOD 1991 TO 2020
CLIMATE RECORD PERIOD 1998 TO 2022

WEATHER         OBSERVED          NORMAL  DEPART   LAST YEAR`S
                VALUE   DATE(S)   VALUE   FROM     VALUE
                                          NORMAL
..............................................................
TEMPERATURE (F)
RECORD
 HIGH            107   MM
 LOW              47   09/24/2017
HIGHEST           98   09/03         MM      MM
                       09/06
LOWEST            56   09/17         MM      MM
AVG. MAXIMUM    93.7               92.8     0.9
AVG. MINIMUM    65.8               64.9     0.9
MEAN            79.7               78.9     0.8
DAYS MAX >= 90    27               23.1     3.9       21
DAYS MAX >= 100    0                                   5
DAYS MIN <= 32     0                0.0     0.0        0
DAYS MIN >= 80     0                                   0

PRECIPITATION (INCHES)
RECORD
 MAXIMUM        2.63   2021
 MINIMUM           T   2020
TOTALS          0.54               0.88   -0.34     2.63
DAILY AVG.      0.02               0.03   -0.01     0.09
DAYS >= .01        6                4.3     1.7        9
DAYS >= .10        1                1.7    -0.7        5
DAYS >= .50        0                0.3    -0.3        2
DAYS >= 1.00       0                0.2    -0.2        1
GREATEST
 24 HR. TOTAL   0.35   09/22 TO 09/23               1.48


DEGREE DAYS
HEATING TOTAL      0                  0       0
 SINCE 7/1         0                  0       0
COOLING TOTAL    450                416      34
 SINCE 1/1      2647               2579      68
..............................................................

WIND (MPH)
AVERAGE WIND SPEED              8.0
HIGHEST WIND SPEED/DIRECTION    35/080    DATE  09/12
HIGHEST GUST SPEED/DIRECTION    48/080    DATE  09/12

SKY COVER
POSSIBLE SUNSHINE (PERCENT)   MM
AVERAGE SKY COVER           0.07
NUMBER OF DAYS FAIR           26
NUMBER OF DAYS PC              0
NUMBER OF DAYS CLOUDY          0

AVERAGE RH (PERCENT)     48

WEATHER CONDITIONS. NUMBER OF DAYS WITH
THUNDERSTORM              8     MIXED PRECIP               0
HEAVY RAIN                1     RAIN                       0
LIGHT RAIN                9     FREEZING RAIN              0
LT FREEZING RAIN          0     HAIL                       0
HEAVY SNOW                0     SLEET                      0
FOG                       0     FOG W/VIS <= 1/4 MILE      0
HAZE                      0

-  INDICATES NEGATIVE NUMBERS.
R  INDICATES RECORD WAS SET OR TIED.
MM INDICATES DATA IS MISSING.
T  INDICATES TRACE AMOUNT.

$$
