000
CXUS56 KSGX 010938
CLMSAN

CLIMATE REPORT
NATIONAL WEATHER SERVICE SAN DIEGO, CA
238 AM PDT THU SEP 01 2022

...................................

...THE SAN DIEGO INTL AIRPORT CA CLIMATE SUMMARY FOR THE MONTH OF AUGUST 2022...

CLIMATE NORMAL PERIOD: 1991 TO 2020
CLIMATE RECORD PERIOD: 1874 TO 2022

WEATHER         OBSERVED          NORMAL  DEPART   LAST YEAR`S
                VALUE   DATE(S)   VALUE   FROM     VALUE DATE(S)
                                          NORMAL
................................................................
TEMPERATURE (F)
RECORD
 HIGH             98   08/31/1955
 LOW              54   08/29/1895
                       08/28/1887
                       08/19/1884
HIGHEST           85   08/09         78       7       86  08/13
                       08/10
                       08/31
LOWEST            67   08/07         67       0       65  08/03
                                                          08/06
                                                          08/07
AVG. MAXIMUM    79.5               77.3     2.2     78.5
AVG. MINIMUM    69.3               67.5     1.8     68.9
MEAN            74.4               72.4     2.0     73.7
DAYS MAX >= 90     0                0.3    -0.3        0
DAYS MAX <= 32     0                0.0     0.0        0
DAYS MAX >= 45    31                                  31
DAYS MIN <= 32     0                0.0     0.0        0

PRECIPITATION (INCHES)
RECORD
 MAXIMUM        2.13   1977
 MINIMUM        0.00   2019
TOTALS             T               0.01   -0.01     0.23
DAILY AVG.         T               0.00   -0.00     0.01
DAYS >= .01        0                0.3    -0.3        1
DAYS >= .10        0                0.0     0.0        1
DAYS >= .50        0                0.0     0.0        0
DAYS >= 1.00       0                0.0     0.0        0
DAYS >= %-5.2F     0                                   0
DAYS >= %-5.2F     0                                   0
GREATEST
 24 HR. TOTAL      T   08/08 TO 08/08               0.23  08/11 TO 08/11
 STORM TOTAL    0.00                                0.23
 (MM/DD(HH))            MM


DEGREE DAYS
HEATING TOTAL      0                  0       0        0
 SINCE 7/1         0                  1      -1       MM
COOLING TOTAL    303                230      73      269
 SINCE 1/1       544                560     -16       MM

FREEZE DATES
RECORD
 EARLIEST     MM
 LATEST       MM
EARLIEST                        MM
LATEST                          MM
................................................................

WIND (MPH)
AVERAGE WIND SPEED              5.8
RESULTANT WIND SPEED/DIRECTION   4/290
HIGHEST WIND SPEED/DIRECTION    18/280    DATE  08/05
HIGHEST GUST SPEED/DIRECTION    25/210    DATE  08/20

SKY COVER
POSSIBLE SUNSHINE (PERCENT)   MM
AVERAGE SKY COVER           0.52
NUMBER OF DAYS FAIR            4
NUMBER OF DAYS PC             25
NUMBER OF DAYS CLOUDY          2

AVERAGE RH (PERCENT)     74

WEATHER CONDITIONS. NUMBER OF DAYS WITH
THUNDERSTORM              0     MIXED PRECIP               0
HEAVY RAIN                0     RAIN                       0
LIGHT RAIN                1     FREEZING RAIN              0
LT FREEZING RAIN          0     HAIL                       0
HEAVY SNOW                0     SNOW                       0
LIGHT SNOW                0     SLEET                      0
FOG                       3     FOG W/VIS <= 1/4 MILE      0
HAZE                      4

-  INDICATES NEGATIVE NUMBERS.
R  INDICATES RECORD WAS SET OR TIED.
MM INDICATES DATA IS MISSING.
T  INDICATES TRACE AMOUNT.

$$
