000
CXUS54 KEWX 011357
CLMSAT

CLIMATE REPORT
NATIONAL WEATHER SERVICE AUSTIN/SAN ANTONIO
851 AM CDT SAT OCT 01 2022

...................................

...THE SAN ANTONIO CLIMATE SUMMARY FOR THE MONTH OF SEPTEMBER 2022...

CLIMATE NORMAL PERIOD: 1991 TO 2020
CLIMATE RECORD PERIOD: 1886 TO 2022

WEATHER         OBSERVED          NORMAL  DEPART   LAST YEAR`S
                VALUE   DATE(S)   VALUE   FROM     VALUE DATE(S)
                                          NORMAL
................................................................
TEMPERATURE (F)
HIGHEST           97   09/22                         100  09/06
                                                          09/08
                                                          09/20
LOWEST            60   09/28                          56  09/23
                       09/29
AVG. MAXIMUM    93.3               90.1     3.2     94.2
AVG. MINIMUM    71.6               69.6     2.0     69.9
MEAN            82.5               79.9     2.6     82.1
DAYS MAX >= 90    28                                  24
DAYS MAX <= 32     0                                   0
DAYS MIN <= 32     0                                   0
DAYS MIN <= 0      0                                   0

PRECIPITATION (INCHES)
TOTALS          0.98               3.88   -2.90     2.59
DAILY AVG.      0.03               0.13   -0.10     0.09
DAYS >= .01        2                                   6
DAYS >= .10        1                                   4
DAYS >= .50        1                                   2
DAYS >= 1.00       0                                   1
GREATEST
 24 HR. TOTAL   0.92   09/03 TO 09/03

SNOWFALL (INCHES)
TOTALS           0.0                0.0     0.0      0.0
SINCE 7/1        0.0                0.0     0.0       MM

DEGREE DAYS
HEATING TOTAL      0                  1      -1        0
 SINCE 7/1         0                  0       0       MM
COOLING TOTAL    532                446      86      520
 SINCE 1/1      3615               2845     770       MM
................................................................

WIND (MPH)
AVERAGE WIND SPEED              6.2
HIGHEST WIND SPEED/DIRECTION    28/070    DATE  09/07
HIGHEST GUST SPEED/DIRECTION    39/070    DATE  09/07

SKY COVER
POSSIBLE SUNSHINE (PERCENT)   MM
AVERAGE SKY COVER           0.44
NUMBER OF DAYS FAIR           10
NUMBER OF DAYS PC             17
NUMBER OF DAYS CLOUDY          3

AVERAGE RH (PERCENT)     60

WEATHER CONDITIONS. NUMBER OF DAYS WITH
THUNDERSTORM              3     MIXED PRECIP               0
HEAVY RAIN                2     RAIN                       1
LIGHT RAIN                3     FREEZING RAIN              0
LT FREEZING RAIN          0     HAIL                       0
HEAVY SNOW                0     SNOW                       0
LIGHT SNOW                0     SLEET                      0
FOG                       1     FOG W/VIS <= 1/4 MILE      0
HAZE                      0

-  INDICATES NEGATIVE NUMBERS.
R  INDICATES RECORD WAS SET OR TIED.
MM INDICATES DATA IS MISSING.
T  INDICATES TRACE AMOUNT.

&&

MONTHLY CLIMATE SUMMARY:
SEPTEMBER 2022 WAS TIED FOR THE 12TH WARMEST SEPTEMBER AND
WAS THE 25TH DRIEST SEPTEMBER SINCE RECORD KEEPING BEGAN.

SEA LEVEL PRESSURE DATA:
HIGHEST SLP 30.24 ON THE 28TH
LOWEST SLP 29.65 ON THE 9TH

PRELIMINARY LOCAL CLIMATOLOGICAL DATA (WS FORM: F-6)

                                          STATION:   SAN ANTONIO
                                          MONTH:     SEPTEMBER
                                          YEAR:      2022
                                          LATITUDE:   29 31 N
                                          LONGITUDE:  98 28 W

  TEMPERATURE IN F:       :PCPN:    SNOW:  WIND      :SUNSHINE: SKY     :PK WND
================================================================================
1   2   3   4   5  6A  6B    7    8   9   10  11  12  13   14  15   16   17  18
                                     12Z  AVG MX 2MIN
DY MAX MIN AVG DEP HDD CDD  WTR  SNW DPTH SPD SPD DIR MIN PSBL S-S WX    SPD DR
================================================================================

 1  93  76  85   2   0  20 0.00  0.0    0  5.3 16 150   M    M   7        21 140
 2  94  76  85   2   0  20 0.00  0.0    0  7.1 17 150   M    M   8        21 140
 3  93  73  83   0   0  18 0.92  0.0    0  5.8 24  30   M    M   9 13     34  30
 4  86  73  80  -3   0  15 0.00  0.0    0  3.8 14 160   M    M   8        17 210
 5  91  72  82   0   0  17 0.00  0.0    0  7.3 20 170   M    M   5        26 160
 6  93  73  83   1   0  18 0.00  0.0    0  6.6 20 150   M    M   5        24 160
 7  96  75  86   4   0  21 0.06  0.0    0  4.0 28  70   M    M   7 3      39  70
 8  94  73  84   2   0  19 0.00  0.0    0  4.3 14 130   M    M   5        19 130
 9  93  74  84   2   0  19    T  0.0    0  6.3 15  90   M    M   5 3      22  90
10  93  75  84   3   0  19 0.00  0.0    0  6.0 13 140   M    M   6        19 140
11  95  73  84   3   0  19 0.00  0.0    0  5.8 17 360   M    M   5        23 350
12  93  69  81   0   0  16 0.00  0.0    0  3.9 13 150   M    M   2        16  80
13  93  75  84   4   0  19 0.00  0.0    0  6.2 23 120   M    M   5        28 130
14  92  71  82   2   0  17 0.00  0.0    0  5.9 15 130   M    M   4        20 100
15  92  67  80   0   0  15 0.00  0.0    0  7.6 21 110   M    M   4        27 120
16  93  75  84   4   0  19 0.00  0.0    0  8.3 18 140   M    M   6        25 140
17  95  76  86   6   0  21 0.00  0.0    0 10.1 20 140   M    M   6        25 170
18  95  76  86   7   0  21 0.00  0.0    0  8.0 17 100   M    M   5        22 140
19  96  75  86   7   0  21 0.00  0.0    0  8.0 20 140   M    M   5        24 140
20  96  77  87   8   0  22 0.00  0.0    0  6.4 20 160   M    M   7        24 150
21  95  73  84   6   0  19 0.00  0.0    0  5.0 15 140   M    M   3        19 150
22  97  69  83   5   0  18 0.00  0.0    0  6.1 14 100   M    M   2        21 110
23  96  70  83   5   0  18 0.00  0.0    0  6.9 20 160   M    M   4        26 160
24  93  70  82   4   0  17 0.00  0.0    0  6.8 17 160   M    M   4        21 100
25  95  75  85   7   0  20 0.00  0.0    0  4.9 16 140   M    M   3        22 140
26  95  73  84   7   0  19 0.00  0.0    0  8.5 18  30   M    M   2        28  30
27  90  61  76  -1   0  11 0.00  0.0    0  6.7 17  70   M    M   1        22  80
28  89  60  75  -2   0  10 0.00  0.0    0  5.8 18 120   M    M   1        26 120
29  92  60  76   0   0  11 0.00  0.0    0  3.8 12  70   M    M   0        14 130
30  91  64  78   2   0  13 0.00  0.0    0  5.2 16 100   M    M   0        24 130
================================================================================
SM 2799 2149         0 532  0.98  0.0    186.4          M      134
================================================================================
AV 93.3 71.6                               6.2 FASTST   M    M   4    MAX(MPH)
                                 MISC ---->    28  70                 39  70
================================================================================
NOTES:
# LAST OF SEVERAL OCCURRENCES

COLUMN 17 PEAK WIND IN M.P.H.

SYMBOLS USED IN COLUMN 16
1 = FOG OR MIST
2 = FOG REDUCING VISIBILITY TO 1/4 MILE OR LESS
3 = THUNDER
4 = ICE PELLETS
5 = HAIL
6 = FREEZING RAIN OR DRIZZLE
7 = DUSTSTORM OR SANDSTORM: VSBY 1/2 MILE OR LESS
8 = SMOKE OR HAZE
9 = BLOWING SNOW
X = TORNADO

$$
