000
CXUS52 KCHS 031354
CLMSAV

CLIMATE REPORT
NATIONAL WEATHER SERVICE CHARLESTON SC
946 AM EDT MON OCT 03 2022

...................................

...THE SAVANNAH GA CLIMATE SUMMARY FOR THE MONTH OF SEPTEMBER 2022...

CLIMATE NORMAL PERIOD 1991 TO 2020
CLIMATE RECORD PERIOD 1871 TO 2022

WEATHER         OBSERVED          NORMAL  DEPART   LAST YEAR`S
                VALUE   DATE(S)   VALUE   FROM     VALUE DATE(S)
                                          NORMAL
................................................................
TEMPERATURE (F)
RECORD
 HIGH            102   09/04/1925
 LOW              43   09/30/1967
HIGHEST           93   09/22                          92  09/06
                                                          09/07
LOWEST            54   09/24                          55  09/25
AVG. MAXIMUM    84.7               86.4    -1.7     85.8
AVG. MINIMUM    66.8               69.0    -2.2     66.8
MEAN            75.8               77.7    -1.9     76.3
DAYS MAX >= 90     6                9.6    -3.6        5
DAYS MAX <= 32     0                0.0     0.0        0
DAYS MIN <= 32     0                0.0     0.0        0
DAYS MIN <= 0      0                0.0     0.0        0

PRECIPITATION (INCHES)
RECORD
 MAXIMUM       22.88   1924
 MINIMUM        0.35   1991
TOTALS          4.98               4.35    0.63     9.52
DAYS >= .01        9                9.9    -0.9        9
DAYS >= .10        6                6.5    -0.5        6
DAYS >= .50        3                2.7     0.3        4
DAYS >= 1.00       1                1.3    -0.3        1
GREATEST
 24 HR. TOTAL   2.19   09/09 TO 09/09

DEGREE DAYS
HEATING TOTAL      6                  1       5        0
 SINCE 7/1         6                  0       6
COOLING TOTAL    337                382     -45      345
 SINCE 1/1      2455               2384      71
................................................................

WIND (MPH)
AVERAGE WIND SPEED              6.7
HIGHEST WIND SPEED/DIRECTION    32/030
HIGHEST GUST SPEED/DIRECTION    46/040


WEATHER CONDITIONS. NUMBER OF DAYS WITH
THUNDERSTORM              6     MIXED PRECIP               0
HEAVY RAIN                5     RAIN                       7
LIGHT RAIN               13     FREEZING RAIN              0
LT FREEZING RAIN          0     HAIL                       0
HEAVY SNOW                0     SNOW                       0
LIGHT SNOW                0     SLEET                      0
FOG                       9     FOG W/VIS <= 1/4 MILE      1
HAZE                      3

-  INDICATES NEGATIVE NUMBERS.
R  INDICATES RECORD WAS SET OR TIED.
MM INDICATES DATA IS MISSING.
T  INDICATES TRACE AMOUNT.

&&

RECORDS ESTABLISHED AT THE SAVANNAH INTERNATIONAL AIRPORT DURING THE
MONTH:

*SEP 29 - RECORD LOW MAXIMUM TEMPERATURE OF 65 DEGREES

$$
