000
CXUS53 KIWX 051921 CCA
CLMSBN

CLIMATE REPORT
NATIONAL WEATHER SERVICE NORTHERN INDIANA
1011 AM EDT THU SEP 01 2022

...................................

...THE SOUTH BEND CLIMATE SUMMARY FOR THE MONTH OF AUGUST 2022...

CLIMATE NORMAL PERIOD 1991 TO 2020
CLIMATE RECORD PERIOD 1893 TO 2022

WEATHER         OBSERVED          NORMAL  DEPART   LAST YEAR`S
                VALUE   DATE(S)   VALUE   FROM     VALUE DATE(S)
                                          NORMAL
................................................................
TEMPERATURE (F)
RECORD
 HIGH            105   08/09/1934
 LOW              40   08/29/1965
                       08/02/1927
                       08/31/1911
HIGHEST           94   08/03         MM      MM       95  08/24
LOWEST            54   08/18         MM      MM       53  08/02
AVG. MAXIMUM    83.7               80.8     2.9     85.6
AVG. MINIMUM    62.6               60.5     2.1     65.6
MEAN            73.2               70.7     2.5
DAYS MAX >= 90     3                2.6     0.4        5
DAYS MAX <= 32     0                0.0     0.0        0
DAYS MIN <= 32     0                0.0     0.0        0
DAYS MIN <= 0      0                0.0     0.0        0

PRECIPITATION (INCHES)
RECORD
 MAXIMUM       12.81   2016
 MINIMUM        0.32   1950
TOTALS          2.03               4.01   -1.98     5.50
DAILY AVG.      0.07               0.13   -0.06     0.18
DAYS >= .01       12               10.0     2.0       10
DAYS >= .10        6                6.5    -0.5        5
DAYS >= .50        2                2.8    -0.8        4
DAYS >= 1.00       0                0.9    -0.9        2
GREATEST
 24 HR. TOTAL   0.76   08/28 TO 08/29

SNOWFALL (INCHES)
RECORDS
 TOTAL           0.0   MM
TOTALS           0.0                0.0     0.0      0.0
SINCE 7/1        0.0                0.0     0.0      0.0
SNOWDEPTH AVG.     0                                   0
DAYS >= 1.0        0                0.0     0.0        0
GREATEST
 SNOW DEPTH        0
 24 HR TOTAL      MM

DEGREE DAYS
HEATING TOTAL      0                 14     -14        0
 SINCE 7/1         0                 14     -14        0
COOLING TOTAL    262                189      73      335
 SINCE 1/1       870                637     233      952
................................................................

WIND (MPH)
AVERAGE WIND SPEED              7.0
HIGHEST WIND SPEED/DIRECTION    35/270    DATE  08/03
                                35/320          08/29
HIGHEST GUST SPEED/DIRECTION    47/210    DATE  08/28
                                47/310          08/29

SKY COVER
POSSIBLE SUNSHINE (PERCENT)   MM
AVERAGE SKY COVER           0.32
NUMBER OF DAYS FAIR           19
NUMBER OF DAYS PC             11
NUMBER OF DAYS CLOUDY          1

AVERAGE RH (PERCENT)     72

WEATHER CONDITIONS. NUMBER OF DAYS WITH
THUNDERSTORM              4     MIXED PRECIP               0
HEAVY RAIN                3     RAIN                       3
LIGHT RAIN               12     FREEZING RAIN              0
LT FREEZING RAIN          0     HAIL                       0
HEAVY SNOW                0     SNOW                       0
LIGHT SNOW                0     SLEET                      0
FOG                      12     FOG W/VIS <= 1/4 MILE      2
HAZE                      0

-  INDICATES NEGATIVE NUMBERS.
R  INDICATES RECORD WAS SET OR TIED.
MM INDICATES DATA IS MISSING.
T  INDICATES TRACE AMOUNT.

&&

AUGUST STARTED OUT WITH A SLIGHT ABOVE NORMAL LEAN THROUGH THE 8TH
BEFORE A SLIGHT BELOW NORMAL LEAN TOOK OVER FROM THE 9TH TO 14TH.
FOR THE MOST PART, A NEAR NORMAL LEAN OCCURRED FROM THE MIDDLE TO
LATTER PART OF THE MONTH, HOWEVER, THERE WAS AN ABOVE NORMAL LEAN
FROM THE 19TH TO THE 21ST. THE STRONG ABOVE NORMAL LEAN TO START THE
MONTH AT SOUTH BEND HELPED AUGUST FINISH OUT AROUND 2 DEGREES ABOVE
NORMAL AND BECOME THE 26TH WARMEST AUGUST WHEN COMPARED TO THE
PERIOD OF RECORD. THERE WERE NO DAILY TEMPERATURE RECORDS SET THIS
MONTH.

PRECIPITATION FINISHED NEARLY 2 INCHES BELOW NORMAL. DESPITE SEEING
0.1 INCH OR GREATER 6 DAYS THIS MONTH, WHICH IS GREATER THAN THE
MONTHLY AVERAGE OF 5 DAYS, THE RAINFALL TOTALS THOSE DAYS WERE STILL
NOT ENOUGH TO PUSH THE MONTHLY TOTAL ABOVE THE MONTHLY NORMAL. AS
SUCH, THE MONTH FINISHED OUT AS THE 28TH DRIEST AUGUST WHEN COMPARED
TO THE PERIOD OF RECORD. THERE WERE NO DAILY PRECIPITATION RECORDS
SET THIS MONTH.

$$

ROLLER/FISHER/MURPHY
CORRECTED TO INCLUDE PRIOR YEAR HEATING AND COOLING DEGREE DAYS
