000
CXUS51 KAKQ 011008
CLMSBY

CLIMATE REPORT
NATIONAL WEATHER SERVICE WAKEFIELD VA
608 AM EDT THU SEP 01 2022

...................................

...THE SALISBURY MD CLIMATE SUMMARY FOR THE MONTH OF AUGUST 2022...

CLIMATE NORMAL PERIOD: 1991 TO 2020
CLIMATE RECORD PERIOD: 1900 TO 2022

WEATHER         OBSERVED          NORMAL  DEPART   LAST YEAR`S
                VALUE   DATE(S)   VALUE   FROM     VALUE DATE(S)
                                          NORMAL
................................................................
TEMPERATURE (F)
RECORD
 HIGH            106   08/07/1918
 LOW              45   08/30/1986
                       08/29/1986
                       08/24/1952
HIGHEST           96   08/04         95       1       96  08/13
LOWEST            60   08/14         54       6       62  08/06
                       08/18
AVG. MAXIMUM    89.2               85.4     3.8     87.5
AVG. MINIMUM    68.6               66.3     2.3     69.9
MEAN            78.9               75.8     3.1     78.7
DAYS MAX >= 90    15                8.0     7.0       12
DAYS MAX <= 32     0                0.0     0.0        0
DAYS MIN <= 32     0                0.0     0.0        0
DAYS MIN <= 0      0                0.0     0.0        0

PRECIPITATION (INCHES)
RECORD
 MAXIMUM       13.03   1933
 MINIMUM        0.36   1966
TOTALS          2.90               5.27   -2.37     5.85
DAILY AVG.      0.09               0.17   -0.08     0.19
DAYS >= .01        5                9.4    -4.4       13
DAYS >= .10        4                6.4    -2.4        8
DAYS >= .50        2                3.2    -1.2        3
DAYS >= 1.00       1                1.5    -0.5        1
GREATEST
 24 HR. TOTAL   1.65   08/27 TO 08/27

DEGREE DAYS
HEATING TOTAL      0                  0       0        0
 SINCE 7/1         0                  0       0       MM
COOLING TOTAL    439                337     102      432
 SINCE 1/1      1289               1093     196       MM
................................................................

WIND (MPH)
AVERAGE WIND SPEED              5.2
HIGHEST WIND SPEED/DIRECTION    29/250    DATE  08/30
HIGHEST GUST SPEED/DIRECTION    37/250    DATE  08/30

SKY COVER
POSSIBLE SUNSHINE (PERCENT)   MM
AVERAGE SKY COVER           0.21

AVERAGE RH (PERCENT)     71

WEATHER CONDITIONS. NUMBER OF DAYS WITH
THUNDERSTORM              5     MIXED PRECIP               0
HEAVY RAIN                3     RAIN                       3
LIGHT RAIN                6     FREEZING RAIN              0
LT FREEZING RAIN          0     HAIL                       0
HEAVY SNOW                0     SNOW                       0
LIGHT SNOW                0     SLEET                      0
FOG                      12     FOG W/VIS <= 1/4 MILE      5
HAZE                      1

-  INDICATES NEGATIVE NUMBERS.
R  INDICATES RECORD WAS SET OR TIED.
MM INDICATES DATA IS MISSING.
T  INDICATES TRACE AMOUNT.

$$
