000
CXUS56 KSTO 150933
CLMSCK

CLIMATE REPORT
NATIONAL WEATHER SERVICE SACRAMENTO
233 AM PDT THU SEP 15 2022

...................................

...THE STOCKTON AIRPORT CA CLIMATE SUMMARY FOR THE MONTH OF AUGUST 2022...

CLIMATE NORMAL PERIOD: 1991 TO 2020
CLIMATE RECORD PERIOD: 1948 TO 2022

WEATHER         OBSERVED          NORMAL  DEPART   LAST YEAR`S
                VALUE   DATE(S)   VALUE   FROM     VALUE
                                          NORMAL
..............................................................
TEMPERATURE (F)
RECORD
 HIGH            113   08/16/2020
 LOW              42   08/04/1951
HIGHEST          108   08/16         MM      MM
LOWEST            54   08/14         MM      MM
AVG. MAXIMUM    97.1               94.4     2.7
AVG. MINIMUM    62.4               60.3     2.1
MEAN            79.7               77.3     2.4
DAYS MAX >= 90    30               22.3     7.7
DAYS MAX <= 32     0                0.0     0.0
DAYS MIN <= 32     0                0.0     0.0
DAYS MIN <= 0      0                0.0     0.0

PRECIPITATION (INCHES)
RECORD
 MAXIMUM        0.81   1975
 MINIMUM        0.00   2021
TOTALS             T               0.01   -0.01     0.00
DAYS >= .01        0
DAYS >= .10        0
DAYS >= .50        0
DAYS >= 1.00       0

SNOWFALL (INCHES)
RECORDS
 TOTAL            MM   MM
 24 HR TOTAL      MM
TOTALS            MM                 MM      MM
 LIQUID EQUIV     MM                 MM      MM
SINCE 7/1         MM                 MM      MM
 LIQUID 7/1       MM
DAYS >= TRACE     MM                 MM      MM
DAYS >= 1.0       MM                 MM      MM
GREATEST
 SNOW DEPTH       MM
 24 HR TOTAL      MM
 STORM TOTAL      MM
 (MM/DD(HH))

DEGREE DAYS
HEATING TOTAL      0                  0       0
 SINCE 7/1         0                  0       0
COOLING TOTAL    464                383      81
 SINCE 1/1      1410               1215     195

FREEZE DATES
RECORD
 EARLIEST     MM
 LATEST       MM
EARLIEST                        MM
LATEST                          03/11
..............................................................

WIND (MPH)
AVERAGE WIND SPEED              7.8
HIGHEST WIND SPEED/DIRECTION    20/300    DATE  08/02
                                20/260          08/22
HIGHEST GUST SPEED/DIRECTION    27/280    DATE  08/12

SKY COVER
POSSIBLE SUNSHINE (PERCENT)   MM
AVERAGE SKY COVER           0.01
NUMBER OF DAYS FAIR           31
NUMBER OF DAYS PC              0
NUMBER OF DAYS CLOUDY          0

AVERAGE RH (PERCENT)     48

WEATHER CONDITIONS. NUMBER OF DAYS WITH
THUNDERSTORM              0     MIXED PRECIP               0
HEAVY RAIN                0     RAIN                       0
LIGHT RAIN                1     FREEZING RAIN              0
LT FREEZING RAIN          0     HAIL                       0
HEAVY SNOW                0     SNOW                       0
LIGHT SNOW                0     SLEET                      0
FOG                       0     FOG W/VIS <= 1/4 MILE      0
HAZE                      1

-  INDICATES NEGATIVE NUMBERS.
R  INDICATES RECORD WAS SET OR TIED.
MM INDICATES DATA IS MISSING.
T  INDICATES TRACE AMOUNT.

$$
