000
CXUS56 KLOX 011630
CLMSDB

CLIMATE REPORT
NATIONAL WEATHER SERVICE LOS ANGELES/OXNARD
930 AM PDT SAT OCT 01 2022

...................................

...THE SANDBERG CA CLIMATE SUMMARY FOR THE MONTH OF SEPTEMBER 2022...

CLIMATE NORMAL PERIOD: 1991 TO 2020
CLIMATE RECORD PERIOD: 1934 TO 2022

WEATHER         OBSERVED          NORMAL  DEPART   LAST YEAR`S
                VALUE   DATE(S)   VALUE   FROM     VALUE
                                          NORMAL
..............................................................
TEMPERATURE (F)
HIGHEST           99   09/03
                       09/06
                       09/07
LOWEST            48   09/18
                       09/19
                       09/21
AVG. MAXIMUM    83.2               82.7     0.5
AVG. MINIMUM    63.9               61.2     2.7
MEAN            73.5               72.0     1.5
DAYS MAX >= 90    11
DAYS MAX <= 32     0
DAYS MIN <= 32     0
DAYS MIN <= 0      0

PRECIPITATION (INCHES)
TOTALS          2.07               0.13    1.94
DAILY AVG.      0.07
DAYS >= .01        3
DAYS >= .10        3
DAYS >= .50        2
DAYS >= 1.00       1
GREATEST
 24 HR. TOTAL   1.22   09/10 TO 09/10


DEGREE DAYS
HEATING TOTAL     36                 36       0       11
 SINCE 7/1        38                 41      -3       MM
COOLING TOTAL    299                245      54      330
 SINCE 1/1      1436               1210     226       MM
..............................................................

WIND (MPH)
AVERAGE WIND SPEED              12.9
HIGHEST WIND SPEED/DIRECTION    41/120    DATE  09/11
HIGHEST GUST SPEED/DIRECTION    70/090    DATE  09/09

SKY COVER
POSSIBLE SUNSHINE (PERCENT)   MM
AVERAGE SKY COVER           0.09
NUMBER OF DAYS FAIR           28
NUMBER OF DAYS PC              2
NUMBER OF DAYS CLOUDY          0

AVERAGE RH (PERCENT)     46

WEATHER CONDITIONS. NUMBER OF DAYS WITH
THUNDERSTORM              0     MIXED PRECIP               0
HEAVY RAIN                2     RAIN                       3
LIGHT RAIN                5     FREEZING RAIN              0
LT FREEZING RAIN          0     HAIL                       0
HEAVY SNOW                0     SNOW                       0
LIGHT SNOW                0     SLEET                      0
FOG                       8     FOG W/VIS <= 1/4 MILE      4
HAZE                      0

-  INDICATES NEGATIVE NUMBERS.
R  INDICATES RECORD WAS SET OR TIED.
MM INDICATES DATA IS MISSING.
T  INDICATES TRACE AMOUNT.

$$
