000
CXUS53 KLMK 011303
CLMSDF

CLIMATE REPORT
NATIONAL WEATHER SERVICE LOUISVILLE KY
903 AM EDT THU SEP 01 2022

...................................

...THE LOUISVILLE KY CLIMATE SUMMARY FOR THE MONTH OF AUGUST 2022...

CLIMATE NORMAL PERIOD 1991 TO 2020
CLIMATE RECORD PERIOD 1871 TO 2022

WEATHER         OBSERVED          NORMAL  DEPART   LAST YEAR`S
                VALUE   DATE(S)   VALUE   FROM     VALUE DATE(S)
                                          NORMAL
................................................................
TEMPERATURE (F)
RECORD
 HIGH            105   08/16/2007
                       08/05/1918
                       08/12/1881
 LOW              45   08/31/1946
HIGHEST           94   08/03         MM      MM       97  08/23
                       08/28
LOWEST            62   08/13         MM      MM       62  08/02
AVG. MAXIMUM    87.9               88.4    -0.5     89.9
AVG. MINIMUM    70.2               69.5     0.7     71.9
MEAN            79.1               78.9     0.2     80.9
DAYS MAX >= 90     9               12.6    -3.6       17
DAYS MAX <= 32     0                0.0     0.0        0
DAYS MIN <= 32     0                0.0     0.0        0
DAYS MIN <= 0      0                0.0     0.0        0

PRECIPITATION (INCHES)
RECORD
 MAXIMUM       10.53   1888
 MINIMUM        0.15   1881
TOTALS          4.69               3.71    0.98     3.27
DAILY AVG.      0.15               0.12    0.03     0.11
DAYS >= .01       10                8.2     1.8       10
DAYS >= .10        9                5.4     3.6        6
DAYS >= .50        3                2.6     0.4        3
DAYS >= 1.00       1                1.1    -0.1        0
GREATEST
 24 HR. TOTAL   1.81   08/10 TO 08/10

SNOWFALL (INCHES)
RECORDS
 TOTAL            MM   5
TOTALS           0.0                0.0     0.0      0.0
SINCE 7/1        0.0                0.0     0.0       MM
SNOWDEPTH AVG.     0                                   0
DAYS >= 1.0        0                0.0     0.0        0
GREATEST
 SNOW DEPTH        0                                   0  MM

DEGREE DAYS
HEATING TOTAL      0                  0       0        0
 SINCE 7/1         0                  0       0       MM
COOLING TOTAL    441                433       8      498
 SINCE 1/1      1629               1454     175       MM
................................................................

WIND (MPH)
AVERAGE WIND SPEED              6.3
RESULTANT WIND SPEED/DIRECTION   1/210
HIGHEST WIND SPEED/DIRECTION    35/160    DATE  08/29
HIGHEST GUST SPEED/DIRECTION    45/150    DATE  08/29

SKY COVER
POSSIBLE SUNSHINE (PERCENT)   MM
AVERAGE SKY COVER           0.55
NUMBER OF DAYS FAIR            8
NUMBER OF DAYS PC             16
NUMBER OF DAYS CLOUDY          7

AVERAGE RH (PERCENT)     70

WEATHER CONDITIONS. NUMBER OF DAYS WITH
THUNDERSTORM             10     MIXED PRECIP               0
HEAVY RAIN                7     RAIN                       4
LIGHT RAIN               12     FREEZING RAIN              0
LT FREEZING RAIN          0     HAIL                       0
HEAVY SNOW                0     SNOW                       0
LIGHT SNOW                0     SLEET                      0
FOG                       7     FOG W/VIS <= 1/4 MILE      0
HAZE                      2

-  INDICATES NEGATIVE NUMBERS.
R  INDICATES RECORD WAS SET OR TIED.
MM INDICATES DATA IS MISSING.
T  INDICATES TRACE AMOUNT.

$$
