000
CXUS56 KSGX 020230
CLMSDM

CLIMATE REPORT
NATIONAL WEATHER SERVICE SAN DIEGO, CA
730 PM PDT SAT OCT 01 2022

...................................

...THE SAN DIEGO/BROWN CLIMATE SUMMARY FOR THE MONTH OF SEPTEMBER 2022...

CLIMATE NORMAL PERIOD: 1991 TO 2020
CLIMATE RECORD PERIOD: 1997 TO 2022

WEATHER         OBSERVED          NORMAL  DEPART   LAST YEAR`S
                VALUE   DATE(S)   VALUE   FROM     VALUE DATE(S)
                                          NORMAL
................................................................
TEMPERATURE (F)
RECORD
 HIGH            108   09/01/1955
 LOW              34   09/28/1945
HIGHEST          100   09/03         MM      MM       93
LOWEST            55   09/22         MM      MM       54
AVG. MAXIMUM    85.4               79.8     5.6     81.2
AVG. MINIMUM    65.6               60.8     4.8     63.3
MEAN            75.5               70.3     5.2     72.3
DAYS MAX >= 90     9                3.1     5.9        3
DAYS MAX <= 32     0                0.0     0.0        0
DAYS MAX >= 45    30                                  30
DAYS MIN <= 32     0                0.0     0.0        0

PRECIPITATION (INCHES)
RECORD
 MAXIMUM        0.86   2015
TOTALS          0.28               0.18    0.10     0.06
DAILY AVG.      0.01               0.01    0.00     0.00
DAYS >= .01        2                2.0     0.0        1
DAYS >= .10        1                0.3     0.7        0
DAYS >= .50        0                0.1    -0.1        0
DAYS >= 1.00       0                0.0     0.0        0
DAYS >= %-5.2F     0                                   0
DAYS >= %-5.2F     0                                   0
GREATEST
 24 HR. TOTAL   0.27   09/09 TO 09/09               0.06  09/24 TO 09/24
 STORM TOTAL    0.27                                0.06
 (MM/DD(HH))            MM


DEGREE DAYS
HEATING TOTAL      0                  6      -6        0
 SINCE 7/1         0                  3      -3       MM
COOLING TOTAL    322                165     157      223
 SINCE 1/1      1044                632     412       MM

FREEZE DATES
RECORD
 EARLIEST     MM
 LATEST       MM
EARLIEST                        MM
LATEST                          01/02
................................................................

WIND (MPH)
AVERAGE WIND SPEED              4.0
RESULTANT WIND SPEED/DIRECTION   2/280
HIGHEST WIND SPEED/DIRECTION    22/080    DATE  09/09
HIGHEST GUST SPEED/DIRECTION    31/090    DATE  09/09

SKY COVER
POSSIBLE SUNSHINE (PERCENT)   MM
AVERAGE SKY COVER           0.27
NUMBER OF DAYS FAIR           19
NUMBER OF DAYS PC             11
NUMBER OF DAYS CLOUDY          0

AVERAGE RH (PERCENT)     69

WEATHER CONDITIONS. NUMBER OF DAYS WITH
THUNDERSTORM              0     MIXED PRECIP               0
HEAVY RAIN                0     RAIN                       1
LIGHT RAIN                4     FREEZING RAIN              0
LT FREEZING RAIN          0     HAIL                       0
HEAVY SNOW                0     SNOW                       0
LIGHT SNOW                0     SLEET                      0
FOG                      15     FOG W/VIS <= 1/4 MILE      5
HAZE                     10

-  INDICATES NEGATIVE NUMBERS.
R  INDICATES RECORD WAS SET OR TIED.
MM INDICATES DATA IS MISSING.
T  INDICATES TRACE AMOUNT.

$$
