000
CXUS52 KMLB 011235
CLMSFB

CLIMATE REPORT
NATIONAL WEATHER SERVICE MELBOURNE FL
835 AM EDT THU SEP 01 2022

...................................

...THE SANFORD CLIMATE SUMMARY FOR THE MONTH OF AUGUST 2022...

CLIMATE NORMAL PERIOD 1991 TO 2020
CLIMATE RECORD PERIOD 1948 TO 2022

WEATHER         OBSERVED          NORMAL  DEPART   LAST YEAR`S
                VALUE   DATE(S)   VALUE   FROM     VALUE
                                          NORMAL
..............................................................
TEMPERATURE (F)
MONTHLY RECORD
 HOTTEST        86.0   2005
 COLDEST        80.3   1960
DAILY RECORD
 HIGH            100   08/20/1993
                       08/07/1956
 LOW              64   08/19/1960
                       08/25/1957
AUGUST 2022
HIGHEST           96   08/01                          96
                       08/02
                       08/20
LOWEST            71   08/19                          70
AVG. MAXIMUM    92.7               92.5     0.2     92.1
AVG. MINIMUM    74.8               74.6     0.2     76.0
MEAN            83.7               83.6     0.1     84.0
DAYS MAX >= 90    30               26.3     3.7       28
DAYS MAX <= 32     0                0.0     0.0        0
DAYS MIN <= 32     0                0.0     0.0        0
DAYS MIN <= 0      0                0.0     0.0        0

PRECIPITATION (INCHES)
MONTHLY RECORD
 MAXIMUM       21.48   2008
 MINIMUM        1.47   2007
DAILY RECORD
 MAXIMUM        8.22   08/21/2008
AUGUST 2022
TOTALS          8.26               6.77    1.49     8.60
DAYS >= .01       17                                  17
DAYS >= .10       12                                  12
DAYS >= .50        6                                   6
DAYS >= 1.00       3                                   2
GREATEST
 24 HR. TOTAL   1.45   08/31 TO 08/31

SNOWFALL (INCHES)
TOTALS           0.0                 MM      MM      0.0
SINCE 7/1        0.0                 MM      MM       MM
DAYS >= TRACE      0                                   0

DEGREE DAYS
HEATING TOTAL      0                  0       0        0
 SINCE 7/1         0                  0       0       MM
COOLING TOTAL    588                575      13      596
 SINCE 1/1      2729               2514     215       MM
..............................................................

WIND (MPH)
AVERAGE WIND SPEED              5.4
HIGHEST WIND SPEED/DIRECTION    37/330    DATE  08/31
HIGHEST GUST SPEED/DIRECTION    50/330    DATE  08/31

SKY COVER
POSSIBLE SUNSHINE (PERCENT)   MM
AVERAGE SKY COVER           0.21
NUMBER OF DAYS FAIR           27
NUMBER OF DAYS PC              4
NUMBER OF DAYS CLOUDY          0

AVERAGE RH (PERCENT)     74

WEATHER CONDITIONS. NUMBER OF DAYS WITH
THUNDERSTORM             25     MIXED PRECIP               0
HEAVY RAIN                9     RAIN                      11
LIGHT RAIN               20     LT FREEZING RAIN           0
HAIL                      0     LIGHT SNOW                 0
SLEET                     0     FOG                        9
FOG W/VIS <= 1/4 MILE     2     HAZE                       2

-  INDICATES NEGATIVE NUMBERS.
R  INDICATES RECORD WAS SET OR TIED.
MM INDICATES DATA IS MISSING.
T  INDICATES TRACE AMOUNT.

$$
