000
CXUS56 KOTX 010853
CLMSFF

CLIMATE REPORT
NATIONAL WEATHER SERVICE SPOKANE WA
153 AM PDT SAT OCT 01 2022

...................................

...THE SPOKANE WA FELTS AIRPORT CLIMATE SUMMARY FOR THE MONTH OF SEPTEMBER 2022...

CLIMATE NORMAL PERIOD 1991 TO 2020
CLIMATE RECORD PERIOD 9999 TO 9999

WEATHER         OBSERVED          NORMAL  DEPART   LAST YEAR`S
                VALUE   DATE(S)   VALUE   FROM     VALUE DATE(S)
                                          NORMAL
................................................................
TEMPERATURE (F)
RECORD
 HIGH             99   09/02/2022
 LOW              26   09/23/2000
HIGHEST           99R  09/02         MM      MM       90  09/07
LOWEST            43   09/17         MM      MM       41  09/16
AVG. MAXIMUM    80.4               76.0     4.4     76.0
AVG. MINIMUM    50.2               46.8     3.4     49.2
MEAN            65.3               61.4     3.9     62.6
DAYS MAX >= 90     5                2.2     2.8        1
DAYS MAX <= 32     0                0.0     0.0        0
DAYS MIN <= 32     0                0.2    -0.2        0
DAYS MIN <= 0      0                0.0     0.0        0

PRECIPITATION (INCHES)
RECORD
 MAXIMUM        2.00   2013
 MINIMUM           T   2012
TOTALS          0.77               0.68    0.09     1.72
DAILY AVG.      0.03               0.02    0.01     0.06
DAYS >= .01        5                5.3    -0.3        8
DAYS >= .10        1                2.1    -1.1        6
DAYS >= .50        1                0.4     0.6        1
DAYS >= 1.00       0                0.0     0.0        0
GREATEST
 24 HR. TOTAL   0.59   09/29 TO 09/29               0.52


DEGREE DAYS
HEATING TOTAL     51                146     -95      106
 SINCE 7/1        55                179    -124       MM
COOLING TOTAL     68                 38      30       40
 SINCE 1/1       744                507     237       MM
................................................................

WIND (MPH)
AVERAGE WIND SPEED              3.2
HIGHEST WIND SPEED/DIRECTION    23/190    DATE  09/03
HIGHEST GUST SPEED/DIRECTION    30/180    DATE  09/03

SKY COVER
POSSIBLE SUNSHINE (PERCENT)   MM
AVERAGE SKY COVER           0.14
NUMBER OF DAYS FAIR           25
NUMBER OF DAYS PC              4
NUMBER OF DAYS CLOUDY          1

AVERAGE RH (PERCENT)     51

WEATHER CONDITIONS. NUMBER OF DAYS WITH
THUNDERSTORM              1     MIXED PRECIP               0
HEAVY RAIN                0     RAIN                       2
LIGHT RAIN                5     FREEZING RAIN              0
LT FREEZING RAIN          0     HAIL                       0
HEAVY SNOW                0     SNOW                       0
LIGHT SNOW                0     SLEET                      0
FOG                       3     FOG W/VIS <= 1/4 MILE      0
HAZE                     10

-  INDICATES NEGATIVE NUMBERS.
R  INDICATES RECORD WAS SET OR TIED.
MM INDICATES DATA IS MISSING.
T  INDICATES TRACE AMOUNT.

$$
