000
CXUS53 KSGF 010635
CLMSGF

CLIMATE REPORT
NATIONAL WEATHER SERVICE
135 AM CDT THU SEP 01 2022

...................................

...THE SPRINGFIELD MO CLIMATE SUMMARY FOR THE MONTH OF AUGUST 2022...

CLIMATE NORMAL PERIOD: 1991 TO 2020
CLIMATE RECORD PERIOD: 1888 TO 2022

WEATHER         OBSERVED          NORMAL  DEPART   LAST YEAR`S
                VALUE   DATE(S)   VALUE   FROM     VALUE
                                          NORMAL
..............................................................
TEMPERATURE (F)
RECORD
 HIGH            108   08/02/2011
 LOW              44   08/12/1967
                       08/24/1891
HIGHEST          101   08/03         89      12       96
LOWEST            58   08/31         65      -7       62
AVG. MAXIMUM    89.5               89.1     0.4     89.1
AVG. MINIMUM    68.0               67.3     0.7
MEAN            78.8               78.2     0.6
DAYS MAX >= 90    12               13.7    -1.7
DAYS MAX <= 32     0                0.0     0.0
DAYS MIN <= 32     0                0.0     0.0
DAYS MIN <= 0      0                0.0     0.0

PRECIPITATION (INCHES)
RECORD
 MAXIMUM       10.81   1915
 MINIMUM        0.34   2000
TOTALS          4.34               3.59    0.75     1.62
DAILY AVG.      0.14               0.12    0.02
DAYS >= .01        9                8.3     0.7
DAYS >= .10        7                5.6     1.4
DAYS >= .50        4                2.7     1.3
DAYS >= 1.00       1                1.0     0.0
GREATEST
 24 HR. TOTAL   1.11   08/29 TO 08/29               1.04


DEGREE DAYS
HEATING TOTAL      0                  1      -1        0
 SINCE 7/1         0                  0       0       MM
COOLING TOTAL    435                410      25      451
 SINCE 1/1      1541               1301     240       MM

FREEZE DATES
RECORD
 EARLIEST     05/19/1894
 LATEST       09/24/1989
EARLIEST                        MM
LATEST                          04/19
..............................................................

WIND (MPH)
AVERAGE WIND SPEED              7.1
RESULTANT WIND SPEED/DIRECTION   4/160
HIGHEST WIND SPEED/DIRECTION    36/230    DATE  08/20
HIGHEST GUST SPEED/DIRECTION    58/210    DATE  08/20

SKY COVER
POSSIBLE SUNSHINE (PERCENT)   MM
AVERAGE SKY COVER           0.20
NUMBER OF DAYS FAIR           25
NUMBER OF DAYS PC              6
NUMBER OF DAYS CLOUDY          0

AVERAGE RH (PERCENT)     70

WEATHER CONDITIONS. NUMBER OF DAYS WITH
THUNDERSTORM              9     MIXED PRECIP               0
HEAVY RAIN                6     RAIN                       6
LIGHT RAIN               10     FREEZING RAIN              0
LT FREEZING RAIN          0     HAIL                       0
HEAVY SNOW                0     SNOW                       0
LIGHT SNOW                0     SLEET                      0
FOG                      11     FOG W/VIS <= 1/4 MILE      1
HAZE                      0

-  INDICATES NEGATIVE NUMBERS.
R  INDICATES RECORD WAS SET OR TIED.
MM INDICATES DATA IS MISSING.
T  INDICATES TRACE AMOUNT.

$$
