000
CXUS56 KMTR 010840
CLMSJC

CLIMATE REPORT
NATIONAL WEATHER SERVICE SAN FRANCISCO BAY AREA
140 AM PDT THU SEP 01 2022

...................................

...THE SAN JOSE AIRPORT CLIMATE SUMMARY FOR THE MONTH OF AUGUST 2022...

CLIMATE NORMAL PERIOD: 1991 TO 2020
CLIMATE RECORD PERIOD: 1893 TO 2022

WEATHER         OBSERVED          NORMAL  DEPART   LAST YEAR`S
                VALUE   DATE(S)   VALUE   FROM     VALUE DATE(S)
                                          NORMAL
................................................................
TEMPERATURE (F)
RECORD
 HIGH            105   08/01/1993
 LOW              39   08/26/1893
HIGHEST           97   08/16                          96  08/28
LOWEST            55   08/14                          55  08/23
AVG. MAXIMUM    83.7               81.4     2.3     81.7
AVG. MINIMUM    60.3               58.6     1.7     59.1
MEAN            72.0                                70.4
DAYS MAX >= 90     2                                   2
DAYS MAX <= 32     0                                   0
DAYS MIN <= 32     0                                   0
DAYS MIN <= 0      0                                   0

PRECIPITATION (INCHES)
TOTALS             T               0.05   -0.05     0.00
DAILY AVG.         T               0.00   -0.00     0.00
DAYS >= .01        0                                   0
DAYS >= .10        0                                   0
DAYS >= .50        0                                   0
DAYS >= 1.00       0                                   0
GREATEST
 24 HR. TOTAL      T   07/31 TO 07/31               0.00  07/31 TO 07/31
                       08/01 TO 08/01
                       08/12 TO 08/12


DEGREE DAYS
HEATING TOTAL      0                  2      -2        0
 SINCE 7/1         1                  4      -3       MM
COOLING TOTAL    227                157      70      174
 SINCE 1/1       608                443     165       MM
................................................................

WIND (MPH)
AVERAGE WIND SPEED              7.4
RESULTANT WIND SPEED/DIRECTION   5/330
HIGHEST WIND SPEED/DIRECTION    22/330    DATE  08/08
                                22/330          08/09
HIGHEST GUST SPEED/DIRECTION    31/340    DATE  08/11
                                31/360          08/22

SKY COVER
POSSIBLE SUNSHINE (PERCENT)   MM
AVERAGE SKY COVER           0.22
NUMBER OF DAYS FAIR           25
NUMBER OF DAYS PC              6
NUMBER OF DAYS CLOUDY          0

AVERAGE RH (PERCENT)     61

WEATHER CONDITIONS. NUMBER OF DAYS WITH
THUNDERSTORM              0     MIXED PRECIP               0
HEAVY RAIN                0     RAIN                       0
LIGHT RAIN                1     FREEZING RAIN              0
LT FREEZING RAIN          0     HAIL                       0
HEAVY SNOW                0     SNOW                       0
LIGHT SNOW                0     SLEET                      0
FOG                       1     FOG W/VIS <= 1/4 MILE      0
HAZE                      1

-  INDICATES NEGATIVE NUMBERS.
R  INDICATES RECORD WAS SET OR TIED.
MM INDICATES DATA IS MISSING.
T  INDICATES TRACE AMOUNT.

$$
