000
CXUS54 KSJT 011425
CLMSJT

CLIMATE REPORT
NATIONAL WEATHER SERVICE SAN ANGELO TX
925 AM CDT THU SEP 01 2022

...................................

...THE SAN ANGELO CLIMATE SUMMARY FOR THE MONTH OF AUGUST 2022...

CLIMATE NORMAL PERIOD: 1991 TO 2020
CLIMATE RECORD PERIOD: 1907 TO 2022

WEATHER         OBSERVED          NORMAL  DEPART   LAST YEAR`S
                VALUE   DATE(S)   VALUE   FROM     VALUE DATE(S)
                                          NORMAL
................................................................
TEMPERATURE (F)
RECORD
 HIGH            111   08/04/1943
 LOW              45   08/31/1915
HIGHEST          106   08/04                         101  08/08
                                                          08/09
LOWEST            67   08/26                          61  08/03
AVG. MAXIMUM    97.4               96.7     0.7     94.0
AVG. MINIMUM    73.6               71.6     2.0     69.7
MEAN            85.5               84.1     1.4     81.9
DAYS MAX >= 90    27               26.5     0.5       26
DAYS MAX <= 32     0                0.0     0.0        0
DAYS MIN <= 32     0                0.0     0.0        0
DAYS MIN <= 0      0                0.0     0.0        0

PRECIPITATION (INCHES)
RECORD
 MAXIMUM       14.03   1882
 MINIMUM        0.00   2000
TOTALS          2.44               2.42    0.02     5.21
DAILY AVG.      0.08               0.08    0.00     0.17
DAYS >= .01        7                5.9     1.1        6
DAYS >= .10        4                3.5     0.5        5
DAYS >= .50        2                1.5     0.5        2
DAYS >= 1.00       1                0.6     0.4        2
GREATEST
 24 HR. TOTAL   1.91   08/29 TO 08/30               2.63  08/17 TO 08/18

SNOWFALL (INCHES)
RECORDS
 TOTAL           0.0   2013
TOTALS           0.0                 MM      MM       MM
SINCE 7/1        0.0                 MM      MM       MM
SNOWDEPTH AVG.     0                                  MM
DAYS >= 1.0        0                 MM      MM       MM
GREATEST
 SNOW DEPTH        0                                  MM  MM

DEGREE DAYS
HEATING TOTAL      0                  0       0        0
 SINCE 7/1         0                  0       0       MM
COOLING TOTAL    647                594      53      427
 SINCE 1/1      2865               2255     610       MM
................................................................

WIND (MPH)
AVERAGE WIND SPEED              7.4
HIGHEST WIND SPEED/DIRECTION    31/360    DATE  08/10
HIGHEST GUST SPEED/DIRECTION    41/350    DATE  08/10

SKY COVER
AVERAGE SKY COVER           0.20

AVERAGE RH (PERCENT)     53

WEATHER CONDITIONS. NUMBER OF DAYS WITH
THUNDERSTORM              7     MIXED PRECIP               0
HEAVY RAIN                4     RAIN                       2
LIGHT RAIN                7     FREEZING RAIN              0
LT FREEZING RAIN          0     HAIL                       0
HEAVY SNOW                0     SNOW                       0
LIGHT SNOW                0     SLEET                      0
FOG                       3     FOG W/VIS <= 1/4 MILE      0
HAZE                      3

-  INDICATES NEGATIVE NUMBERS.
R  INDICATES RECORD WAS SET OR TIED.
MM INDICATES DATA IS MISSING.
T  INDICATES TRACE AMOUNT.

$$
