000
CXUS45 KSLC 011517
CLMSLC

CLIMATE REPORT
NATIONAL WEATHER SERVICE SALT LAKE CITY UT
917 AM MDT THU SEP 01 2022

...................................

...THE SALT LAKE CITY UT CLIMATE SUMMARY FOR THE MONTH OF AUGUST 2022...

CLIMATE NORMAL PERIOD 1991 TO 2020
CLIMATE RECORD PERIOD 1874 TO 2022

WEATHER         OBSERVED          NORMAL  DEPART   LAST YEAR`S
                VALUE   DATE(S)   VALUE   FROM     VALUE DATE(S)
                                          NORMAL
................................................................
TEMPERATURE (F)
RECORD
 HIGH            106   08/04/1994
 LOW              37   08/31/1965
                       08/29/1964
HIGHEST          102   08/31                         101  08/05
                                                          08/13
LOWEST            64   08/07                          50  08/19
AVG. MAXIMUM    94.2               91.7     2.5     89.6
AVG. MINIMUM    70.1               66.6     3.5     63.9
MEAN            82.1               79.1     3.0     76.8
DAYS MAX >= 90    25               21.4     3.6       18
DAYS MAX <= 32     0                0.0     0.0        0
DAYS MIN <= 32     0                0.0     0.0        0
DAYS MIN <= 0      0                0.0     0.0        0

PRECIPITATION (INCHES)
TOTALS          1.13               0.58    0.55     2.29
DAYS >= .01        8                4.9     3.1        6
DAYS >= .10        2                1.6     0.4        6
DAYS >= .50        1                0.1     0.9        2
DAYS >= 1.00       0                0.1    -0.1        0

SNOWFALL (INCHES)
TOTALS           0.0                0.0     0.0      0.0
SINCE 7/1        0.0                0.0               MM

DEGREE DAYS
HEATING TOTAL      0                  2      -2        8
 SINCE 7/1         0                  1      -1       MM
COOLING TOTAL    538                441      97      380
 SINCE 1/1      1615               1243     372       MM
................................................................

WIND (MPH)
AVERAGE WIND SPEED              7.4
HIGHEST WIND SPEED/DIRECTION    41/200    DATE  08/01
HIGHEST GUST SPEED/DIRECTION    58/180    DATE  08/01


WEATHER CONDITIONS. NUMBER OF DAYS WITH
THUNDERSTORM              7     RAIN                       3
HAIL                      0     SNOW                       0
FOG                       1     FOG W/VIS <= 1/4 MILE      0
HAZE                      2

-  INDICATES NEGATIVE NUMBERS.
R  INDICATES RECORD WAS SET OR TIED.
MM INDICATES DATA IS MISSING.
T  INDICATES TRACE AMOUNT.

$$
