000
CXUS56 KPQR 011533
CLMSLE

CLIMATE REPORT
NATIONAL WEATHER SERVICE PORTLAND OREGON
833 AM PDT SAT OCT 01 2022

...................................

...THE SALEM OR CLIMATE SUMMARY FOR THE MONTH OF SEPTEMBER 2022...

CLIMATE NORMAL PERIOD 1991 TO 2020
CLIMATE RECORD PERIOD 1892 TO 2022

WEATHER         OBSERVED          NORMAL  DEPART   LAST YEAR`S
                VALUE   DATE(S)   VALUE   FROM     VALUE DATE(S)
                                          NORMAL
................................................................
TEMPERATURE (F)
HIGHEST           93                                  91  09/24
LOWEST            45                                  45  09/16
AVG. MAXIMUM    80.5               77.5     3.0     79.0
AVG. MINIMUM    53.5               50.6     2.9     52.9
MEAN            67.0               64.0     3.0     65.9
DAYS MAX >= 90     4                2.3     1.7        3
DAYS MAX <= 32     0                0.0     0.0        0
DAYS MIN <= 32     0                0.0     0.0        0
DAYS MIN <= 0      0                0.0     0.0        0

PRECIPITATION (INCHES)
RECORD
 MAXIMUM        7.05   2013
 MINIMUM        0.00   1975
TOTALS          0.29               1.46   -1.17     2.89
DAYS >= .01        3                6.4    -3.4        8
DAYS >= .10        2                3.4    -1.4        5
DAYS >= .50        0                0.9    -0.9        2
DAYS >= 1.00       0                0.2    -0.2        1
GREATEST
 24 HR. TOTAL   0.24   09/28 TO 09/29


DEGREE DAYS
HEATING TOTAL     22                 82     -60       40
 SINCE 7/1        23                114     -91       MM
COOLING TOTAL     92                 54      38       77
 SINCE 1/1       644                399     245       MM
................................................................

WIND (MPH)
AVERAGE WIND SPEED              5.3
RESULTANT WIND SPEED/DIRECTION   1/320
HIGHEST WIND SPEED/DIRECTION    24/010    DATE  09/09
HIGHEST GUST SPEED/DIRECTION    29/030    DATE  09/09

SKY COVER
POSSIBLE SUNSHINE (PERCENT)   MM
AVERAGE SKY COVER           0.32
NUMBER OF DAYS FAIR           19
NUMBER OF DAYS PC              6
NUMBER OF DAYS CLOUDY          5

AVERAGE RH (PERCENT)     60

WEATHER CONDITIONS. NUMBER OF DAYS WITH
THUNDERSTORM              0     MIXED PRECIP               0
HEAVY RAIN                0     RAIN                       1
LIGHT RAIN                5     FREEZING RAIN              0
LT FREEZING RAIN          0     HAIL                       0
HEAVY SNOW                0     SNOW                       0
LIGHT SNOW                0     SLEET                      0
FOG                       3     FOG W/VIS <= 1/4 MILE      2
HAZE                      9

-  INDICATES NEGATIVE NUMBERS.
R  INDICATES RECORD WAS SET OR TIED.
MM INDICATES DATA IS MISSING.
T  INDICATES TRACE AMOUNT.

$$
