000
CXUS51 KBTV 011223
CLMSLK

CLIMATE REPORT
NATIONAL WEATHER SERVICE BURLINGTON VT
823 AM EDT THU SEP 01 2022

...................................

...THE SARANAC LAKE NY CLIMATE SUMMARY FOR THE MONTH OF AUGUST 2022...

CLIMATE NORMAL PERIOD: 1991 TO 2020
CLIMATE RECORD PERIOD: 1903 TO 2022

WEATHER         OBSERVED          NORMAL  DEPART   LAST YEAR`S
                VALUE   DATE(S)   VALUE   FROM     VALUE DATE(S)
                                          NORMAL
................................................................
TEMPERATURE (F)
RECORD
 HIGH             97
 LOW              32
HIGHEST           87   08/06         MM      MM       87  08/21
                       08/08
LOWEST            37   08/14         MM      MM       37  08/16
AVG. MAXIMUM    78.1               74.7     3.4     78.0
AVG. MINIMUM    51.8               48.7     3.1     53.9
MEAN            65.0               61.7     3.3     66.0
DAYS MAX >= 90     0                0.2    -0.2        0
DAYS MAX <= 32     0                0.0     0.0        0
DAYS MIN <= 32     0                0.3    -0.3        0
DAYS MIN <= 0      0                0.0     0.0        0

PRECIPITATION (INCHES)
RECORD
 MAXIMUM        7.59   1983
 MINIMUM        0.74   1957
TOTALS          4.26               3.56    0.70     3.65
DAILY AVG.      0.14               0.11    0.03     0.12
DAYS >= .01       15               16.5    -1.5       14
DAYS >= .10       10                7.7     2.3        9
DAYS >= .50        2                2.1    -0.1        3
DAYS >= 1.00       1                0.7     0.3        0
GREATEST
 24 HR. TOTAL   1.59   08/29 TO 08/30               1.03  08/10 TO 08/11
 STORM TOTAL    1.52                                0.81
 (MM/DD(HH))            MM


DEGREE DAYS
HEATING TOTAL     61                135     -74       67
 SINCE 7/1       150                225     -75       MM
COOLING TOTAL     69                 32      37      106
 SINCE 1/1       143                111      32       MM
................................................................

WIND (MPH)
AVERAGE WIND SPEED              3.9
HIGHEST WIND SPEED/DIRECTION    25/220    DATE  08/08
HIGHEST GUST SPEED/DIRECTION    33/220    DATE  08/08
                                33/220          08/30

SKY COVER
POSSIBLE SUNSHINE (PERCENT)   MM
AVERAGE SKY COVER           0.49
NUMBER OF DAYS FAIR            9
NUMBER OF DAYS PC             19
NUMBER OF DAYS CLOUDY          3

AVERAGE RH (PERCENT)     77

WEATHER CONDITIONS. NUMBER OF DAYS WITH
THUNDERSTORM              8     MIXED PRECIP               0
HEAVY RAIN                7     RAIN                       8
LIGHT RAIN               15     FREEZING RAIN              0
LT FREEZING RAIN          0     HAIL                       0
HEAVY SNOW                0     SNOW                       0
LIGHT SNOW                0     SLEET                      0
FOG                      27     FOG W/VIS <= 1/4 MILE      9
HAZE                      2

-  INDICATES NEGATIVE NUMBERS.
R  INDICATES RECORD WAS SET OR TIED.
MM INDICATES DATA IS MISSING.
T  INDICATES TRACE AMOUNT.

$$
