000
CXUS53 KICT 010637
CLMSLN

CLIMATE REPORT
NATIONAL WEATHER SERVICE WICHITA KANSAS
137 AM CDT THU SEP 01 2022

...................................

...THE SALINA KS CLIMATE SUMMARY FOR THE MONTH OF AUGUST 2022...

CLIMATE NORMAL PERIOD 1991 TO 2020
CLIMATE RECORD PERIOD 1894 TO 2022

WEATHER         OBSERVED          NORMAL  DEPART   LAST YEAR`S
                VALUE   DATE(S)   VALUE   FROM     VALUE DATE(S)
                                          NORMAL
................................................................
TEMPERATURE (F)
RECORD
 HIGH            118   08/13/1936
 LOW              38   08/27/1906
HIGHEST          105   08/02                         103  08/12
                       08/06
                       08/07
LOWEST            59   08/10                          57  08/02
AVG. MAXIMUM    95.1               90.1     5.0     93.1
AVG. MINIMUM    67.7               67.1     0.6     69.4
MEAN            81.4               78.6     2.8     81.3
DAYS MAX >= 90    24               18.0     6.0       21
DAYS MAX <= 32     0                0.0     0.0        0
DAYS MIN <= 32     0                0.0     0.0        0
DAYS MIN <= 0      0                0.0     0.0        0

PRECIPITATION (INCHES)
RECORD
 MAXIMUM       13.75   1977
 MINIMUM           T   1913
TOTALS          1.55               3.71   -2.16     4.07
DAILY AVG.      0.05               0.12   -0.07     0.13
DAYS >= .01        4                8.3    -4.3        6
DAYS >= .10        3                5.6    -2.6        4
DAYS >= .50        1                2.2    -1.2        3
DAYS >= 1.00       1                1.1    -0.1        2
GREATEST
 24 HR. TOTAL   1.17   08/19 TO 08/20


DEGREE DAYS
HEATING TOTAL      0                  1      -1        0
 SINCE 7/1         0                  0       0       MM
COOLING TOTAL    514                423      91      512
................................................................

WIND (MPH)
AVERAGE WIND SPEED              8.3
HIGHEST WIND SPEED/DIRECTION    36/350    DATE  08/19
HIGHEST GUST SPEED/DIRECTION    51/350    DATE  08/19

SKY COVER
POSSIBLE SUNSHINE (PERCENT)   MM
AVERAGE SKY COVER           0.12
NUMBER OF DAYS FAIR           27
NUMBER OF DAYS PC              3
NUMBER OF DAYS CLOUDY          1

AVERAGE RH (PERCENT)     59

WEATHER CONDITIONS. NUMBER OF DAYS WITH
THUNDERSTORM              4     MIXED PRECIP               0
HEAVY RAIN                1     RAIN                       3
LIGHT RAIN                3     FREEZING RAIN              0
LT FREEZING RAIN          0     HAIL                       0
HEAVY SNOW                0     SNOW                       0
LIGHT SNOW                0     SLEET                      0
FOG                       3     FOG W/VIS <= 1/4 MILE      0
HAZE                      2

-  INDICATES NEGATIVE NUMBERS.
R  INDICATES RECORD WAS SET OR TIED.
MM INDICATES DATA IS MISSING.
T  INDICATES TRACE AMOUNT.

$$
