000
CXUS46 KLOX 011630
CLMSMX

CLIMATE REPORT
NATIONAL WEATHER SERVICE LOS ANGELES/OXNARD
930 AM PDT SAT OCT 01 2022

...................................

...THE SANTA MARIA AIRPORT CA CLIMATE SUMMARY FOR THE MONTH OF SEPTEMBER 2022...

CLIMATE NORMAL PERIOD: 1991 TO 2020
CLIMATE RECORD PERIOD: 1906 TO 2022

WEATHER         OBSERVED          NORMAL  DEPART   LAST YEAR`S
                VALUE   DATE(S)   VALUE   FROM     VALUE
                                          NORMAL
..............................................................
TEMPERATURE (F)
HIGHEST           95   09/04
LOWEST            51   09/29
AVG. MAXIMUM    78.1               75.0     3.1
AVG. MINIMUM    57.1               53.7     3.4
MEAN            67.6               64.3     3.3
DAYS MAX >= 90     1
DAYS MAX <= 32     0
DAYS MIN <= 32     0
DAYS MIN <= 0      0

PRECIPITATION (INCHES)
TOTALS          1.84               0.07    1.77
DAILY AVG.      0.06
DAYS >= .01        3
DAYS >= .10        1
DAYS >= .50        1
DAYS >= 1.00       1
GREATEST
 24 HR. TOTAL   1.78   09/18 TO 09/19


DEGREE DAYS
HEATING TOTAL     24                 59     -35       61
 SINCE 7/1       124                165     -41       MM
COOLING TOTAL    107                 40      67       20
 SINCE 1/1       187                125      62       MM
..............................................................

WIND (MPH)
AVERAGE WIND SPEED              5.1
HIGHEST WIND SPEED/DIRECTION    25/300    DATE  09/15
                                25/180          09/18
                                25/290          09/22
HIGHEST GUST SPEED/DIRECTION    32/300    DATE  09/15
                                32/190          09/18
                                32/290          09/22

SKY COVER
POSSIBLE SUNSHINE (PERCENT)   MM
AVERAGE SKY COVER           0.37
NUMBER OF DAYS FAIR           13
NUMBER OF DAYS PC             13
NUMBER OF DAYS CLOUDY          4

AVERAGE RH (PERCENT)     76

WEATHER CONDITIONS. NUMBER OF DAYS WITH
THUNDERSTORM              0     MIXED PRECIP               0
HEAVY RAIN                1     RAIN                       1
LIGHT RAIN                5     FREEZING RAIN              0
LT FREEZING RAIN          0     HAIL                       0
HEAVY SNOW                0     SNOW                       0
LIGHT SNOW                0     SLEET                      0
FOG                      24     FOG W/VIS <= 1/4 MILE      9
HAZE                     16

-  INDICATES NEGATIVE NUMBERS.
R  INDICATES RECORD WAS SET OR TIED.
MM INDICATES DATA IS MISSING.
T  INDICATES TRACE AMOUNT.

$$
