000
CXUS56 KSGX 010938
CLMSNA

CLIMATE REPORT
NATIONAL WEATHER SERVICE SAN DIEGO, CA
238 AM PDT THU SEP 01 2022

...................................

...THE JOHN WAYNE AIRPORT CA CLIMATE SUMMARY FOR THE MONTH OF AUGUST 2022...

CLIMATE NORMAL PERIOD: 1991 TO 2020
CLIMATE RECORD PERIOD: 1999 TO 2022

WEATHER         OBSERVED          NORMAL  DEPART   LAST YEAR`S
                VALUE   DATE(S)   VALUE   FROM     VALUE DATE(S)
                                          NORMAL
................................................................
TEMPERATURE (F)
RECORD
 HIGH            100   08/18/2020
 LOW              58   08/27/2003
HIGHEST           97   08/31         79      18       91  08/26
LOWEST            67   08/06         64       3       65  08/01
                       08/19
AVG. MAXIMUM    84.4               80.4     4.0     82.2
AVG. MINIMUM    70.0               67.1     2.9     67.9
MEAN            77.2               73.8     3.4     75.1
DAYS MAX >= 90     2                2.0     0.0        2
DAYS MAX <= 32     0                0.0     0.0        0
DAYS MAX >= 45    31                                  31
DAYS MIN <= 32     0                0.0     0.0        0

PRECIPITATION (INCHES)
RECORD
 MAXIMUM           T   2017
 MINIMUM        0.00   2020
TOTALS             TR              0.01   -0.01     0.03
DAILY AVG.         T               0.00   -0.00     0.00
DAYS >= .01        0                0.1    -0.1        1
DAYS >= .10        0                0.0     0.0        0
DAYS >= .50        0                0.0     0.0        0
DAYS >= 1.00       0                0.0     0.0        0
DAYS >= %-5.2F     0                                   0
DAYS >= %-5.2F     0                                   0
GREATEST
 24 HR. TOTAL      T   07/31 TO 07/31               0.03  08/21 TO 08/21
 STORM TOTAL    0.00                                0.03
 (MM/DD(HH))            MM


DEGREE DAYS
HEATING TOTAL      0                  0       0        0
 SINCE 7/1         0                  0       0       MM
COOLING TOTAL    386                271     115      306
 SINCE 1/1      1064                706     358       MM

FREEZE DATES
RECORD
 EARLIEST     MM
 LATEST       MM
EARLIEST                        MM
LATEST                          MM
................................................................

WIND (MPH)
AVERAGE WIND SPEED              5.4
RESULTANT WIND SPEED/DIRECTION   5/210
HIGHEST WIND SPEED/DIRECTION    18/210    DATE  08/24
HIGHEST GUST SPEED/DIRECTION    23/190    DATE  08/20

SKY COVER
POSSIBLE SUNSHINE (PERCENT)   MM
AVERAGE SKY COVER           0.33
NUMBER OF DAYS FAIR           19
NUMBER OF DAYS PC             12
NUMBER OF DAYS CLOUDY          0

AVERAGE RH (PERCENT)     62

WEATHER CONDITIONS. NUMBER OF DAYS WITH
THUNDERSTORM              0     MIXED PRECIP               0
HEAVY RAIN                0     RAIN                       0
LIGHT RAIN                1     FREEZING RAIN              0
LT FREEZING RAIN          0     HAIL                       0
HEAVY SNOW                0     SNOW                       0
LIGHT SNOW                0     SLEET                      0
FOG                       1     FOG W/VIS <= 1/4 MILE      0
HAZE                      4

-  INDICATES NEGATIVE NUMBERS.
R  INDICATES RECORD WAS SET OR TIED.
MM INDICATES DATA IS MISSING.
T  INDICATES TRACE AMOUNT.

$$
