000
CXAK58 PASN 010955
CLMSNP

CLIMATE REPORT
NATIONAL WEATHER SERVICE ANCHORAGE, AK
155 AM AKDT THU SEP 01 2022

...................................

...THE SAINT PAUL ISLAND CLIMATE SUMMARY FOR THE MONTH OF AUGUST 2022...

CLIMATE NORMAL PERIOD: 1991 TO 2020
CLIMATE RECORD PERIOD: 1892 TO 2022

WEATHER         OBSERVED          NORMAL  DEPART   LAST YEAR`S
                VALUE   DATE(S)   VALUE   FROM     VALUE
                                          NORMAL
..............................................................
TEMPERATURE (F)
RECORD
 HIGH             66   MM
 LOW              37   08/02/2016
HIGHEST           58                 MM      MM       57
LOWEST            37R                MM      MM       43
AVG. MAXIMUM    51.1               53.0    -1.9     53.1
AVG. MINIMUM    44.5               46.1    -1.6     47.0
MEAN            47.8               49.5    -1.7     50.1
DAYS MAX >= 90     0                0.0     0.0        0
DAYS MAX <= 32     0                0.0     0.0        0
DAYS MIN <= 32     0                0.1    -0.1        0
DAYS MIN <= 0      0                0.0     0.0        0

PRECIPITATION (INCHES)
RECORD
 MAXIMUM        4.16   2021
 MINIMUM        2.24   2020
TOTALS          1.28R              3.06   -1.78     4.15
DAILY AVG.      0.04               0.10   -0.06     0.13
DAYS >= .01       15               17.8    -2.8       22
DAYS >= .10        6                8.3    -2.3        8
DAYS >= .50        0                1.4    -1.4        3
DAYS >= 1.00       0                0.2    -0.2        1
GREATEST
 24 HR. TOTAL   0.25   08/29 TO 08/30               1.74
 STORM TOTAL    0.20                                1.50
 (MM/DD(HH))


DEGREE DAYS
HEATING TOTAL    527                479      48      455
 SINCE 7/1      1068               1008      60       MM
COOLING TOTAL      0                  0       0        0
 SINCE 1/1         0                  0       0       MM

FREEZE DATES
RECORD
 EARLIEST     MM
 LATEST       MM
EARLIEST                        MM
LATEST                          06/01
..............................................................

WIND (MPH)
AVERAGE WIND SPEED              15.6
RESULTANT WIND SPEED/DIRECTION   6/280
HIGHEST WIND SPEED/DIRECTION    31/350    DATE  08/20
                                31/330          08/21
HIGHEST GUST SPEED/DIRECTION    39/200    DATE  08/03
                                39/230          08/31

SKY COVER
POSSIBLE SUNSHINE (PERCENT)   MM
AVERAGE SKY COVER           0.93
NUMBER OF DAYS FAIR            1
NUMBER OF DAYS PC              1
NUMBER OF DAYS CLOUDY         29

AVERAGE RH (PERCENT)     91

WEATHER CONDITIONS. NUMBER OF DAYS WITH
THUNDERSTORM              0     MIXED PRECIP               0
HEAVY RAIN                0     RAIN                       0
LIGHT RAIN               19     FREEZING RAIN              0
LT FREEZING RAIN          0     HAIL                       0
HEAVY SNOW                0     SNOW                       0
LIGHT SNOW                0     SLEET                      0
FOG                      28     FOG W/VIS <= 1/4 MILE     11
HAZE                      4

-  INDICATES NEGATIVE NUMBERS.
R  INDICATES RECORD WAS SET OR TIED.
MM INDICATES DATA IS MISSING.
T  INDICATES TRACE AMOUNT.

$$
