000
CXUS56 KMTR 010840
CLMSNS

CLIMATE REPORT
NATIONAL WEATHER SERVICE SAN FRANCISCO BAY AREA
140 AM PDT THU SEP 01 2022

...................................

...THE SALINAS AIRPORT CLIMATE SUMMARY FOR THE MONTH OF AUGUST 2022...

CLIMATE NORMAL PERIOD: 1991 TO 2020
CLIMATE RECORD PERIOD: 1930 TO 2022

WEATHER         OBSERVED          NORMAL  DEPART   LAST YEAR`S
                VALUE   DATE(S)   VALUE   FROM     VALUE DATE(S)
                                          NORMAL
................................................................
TEMPERATURE (F)
RECORD
 HIGH            101   08/24/2010
 LOW              42   08/18/1934
                       08/22/1931
HIGHEST           84   08/01                          86  08/27
LOWEST            55   08/30                          54  08/27
                       08/31
AVG. MAXIMUM    75.9               72.4     3.5     73.7
AVG. MINIMUM    59.5               55.5     4.0     57.7
MEAN            67.7               64.0     3.7     65.7
DAYS MAX >= 90     0                                   0
DAYS MAX <= 32     0                                   0
DAYS MIN <= 32     0                                   0
DAYS MIN <= 0      0                                   0

PRECIPITATION (INCHES)
TOTALS             TR              0.03   -0.03        T
DAILY AVG.         T                                   T
DAYS >= .01        0                                   0
DAYS >= .10        0                                   0
DAYS >= .50        0                                   0
DAYS >= 1.00       0                                   0
GREATEST
 24 HR. TOTAL      T   08/06 TO 08/06                  T  08/09 TO 08/09
                       08/17 TO 08/17
                       08/27 TO 08/27
                                                          08/05 TO 08/05
                                                          08/09 TO 08/09


DEGREE DAYS
HEATING TOTAL      0                 58     -58        6
 SINCE 7/1        26                142    -116       MM
COOLING TOTAL     93                 25      68       25
 SINCE 1/1       211                 64     147       MM
................................................................

WIND (MPH)
AVERAGE WIND SPEED              8.0
RESULTANT WIND SPEED/DIRECTION   7/310
HIGHEST WIND SPEED/DIRECTION    21/330    DATE  08/20
HIGHEST GUST SPEED/DIRECTION    28/250    DATE  08/11

SKY COVER
POSSIBLE SUNSHINE (PERCENT)   MM
AVERAGE SKY COVER           0.43
NUMBER OF DAYS FAIR           11
NUMBER OF DAYS PC             18
NUMBER OF DAYS CLOUDY          2

AVERAGE RH (PERCENT)     69

WEATHER CONDITIONS. NUMBER OF DAYS WITH
THUNDERSTORM              0     MIXED PRECIP               0
HEAVY RAIN                0     RAIN                       0
LIGHT RAIN                3     FREEZING RAIN              0
LT FREEZING RAIN          0     HAIL                       0
HEAVY SNOW                0     SNOW                       0
LIGHT SNOW                0     SLEET                      0
FOG                      17     FOG W/VIS <= 1/4 MILE      2
HAZE                     13

-  INDICATES NEGATIVE NUMBERS.
R  INDICATES RECORD WAS SET OR TIED.
MM INDICATES DATA IS MISSING.
T  INDICATES TRACE AMOUNT.

$$
