000
CXUS55 KCYS 011529
CLMSNY

CLIMATE REPORT
NATIONAL WEATHER SERVICE CHEYENNE WY
929 AM MDT SAT OCT 01 2022

...................................

...THE SIDNEY NEBRASKA AIRPORT CLIMATE SUMMARY FOR THE MONTH OF SEPTEMBER 2022...

CLIMATE NORMAL PERIOD 1991 TO 2020
CLIMATE RECORD PERIOD 1948 TO 2022

WEATHER         OBSERVED          NORMAL  DEPART   LAST YEAR`S
                VALUE   DATE(S)   VALUE   FROM     VALUE DATE(S)
                                          NORMAL
................................................................
TEMPERATURE (F)
RECORD
 HIGH            102   09/06/2013
 LOW              13   09/30/1985
HIGHEST          102R  09/06         MM      MM      102
                       09/07
                       09/08
LOWEST            34   09/11         MM      MM       36
AVG. MAXIMUM    84.4               79.1     5.3     85.0
AVG. MINIMUM    49.4               45.6     3.8     48.2
MEAN            66.9               62.3     4.6     66.6
DAYS MAX >= 90    11                5.9     5.1       11
DAYS MAX <= 32     0                0.0     0.0        0
DAYS MIN <= 32     0                1.2    -1.2        0
DAYS MIN <= 0      0                0.0     0.0        0

PRECIPITATION (INCHES)
RECORD
 MAXIMUM        7.05   2013
TOTALS          0.83               1.31   -0.48     0.72
DAYS >= .01        5                6.7    -1.7        4
DAYS >= .10        3                2.5     0.5        3
DAYS >= .50        0                0.4    -0.4        0
DAYS >= 1.00       0                0.0     0.0        0
GREATEST
 24 HR. TOTAL   0.40   09/15 TO 09/16               0.41  09/01 TO 09/01


DEGREE DAYS
HEATING TOTAL     78                144     -66       64
 SINCE 7/1        78
COOLING TOTAL    142                 65      77      120
 SINCE 1/1      1022
................................................................

WIND (MPH)
AVERAGE WIND SPEED              11.0
HIGHEST WIND SPEED/DIRECTION    39/360    DATE  09/08
HIGHEST GUST SPEED/DIRECTION    49/360    DATE  09/08

SKY COVER
POSSIBLE SUNSHINE (PERCENT)   MM
AVERAGE SKY COVER           0.16
NUMBER OF DAYS FAIR           26
NUMBER OF DAYS PC              2
NUMBER OF DAYS CLOUDY          2

AVERAGE RH (PERCENT)     51

WEATHER CONDITIONS. NUMBER OF DAYS WITH
THUNDERSTORM              4     MIXED PRECIP               0
HEAVY RAIN                4     RAIN                       3
LIGHT RAIN                6     FREEZING RAIN              0
LT FREEZING RAIN          0     HAIL                       0
HEAVY SNOW                0     SNOW                       0
LIGHT SNOW                0     SLEET                      0
FOG                       6     FOG W/VIS <= 1/4 MILE      3
HAZE                      4

-  INDICATES NEGATIVE NUMBERS.
R  INDICATES RECORD WAS SET OR TIED.
MM INDICATES DATA IS MISSING.
T  INDICATES TRACE AMOUNT.

$$
