000
CXUS56 KPQR 011538
CLMSPB

CLIMATE REPORT
NATIONAL WEATHER SERVICE PORTLAND OREGON
838 AM PDT THU SEP 01 2022

...................................

...THE SCAPPOOSE OR CLIMATE SUMMARY FOR THE MONTH OF AUGUST 2022...

CLIMATE NORMAL PERIOD 1991 TO 2020
CLIMATE RECORD PERIOD 9999 TO 9999

WEATHER         OBSERVED          NORMAL  DEPART   LAST YEAR`S
                VALUE   DATE(S)   VALUE   FROM     VALUE DATE(S)
                                          NORMAL
................................................................
TEMPERATURE (F)
HIGHEST          101                                 108  08/12
LOWEST            49                                  44  08/23
AVG. MAXIMUM    86.4               82.0     4.4     86.0
AVG. MINIMUM    59.1               54.4     4.7     58.5
MEAN            72.8               68.2     4.6     72.3
DAYS MAX >= 90    10                5.1     4.9       10
DAYS MAX <= 32     0                0.0     0.0        0
DAYS MIN <= 32     0                0.0     0.0        0
DAYS MIN <= 0      0                0.0     0.0        0

PRECIPITATION (INCHES)
RECORD
 MAXIMUM        0.02   2021
 MINIMUM        0.02   2021
TOTALS          0.02R              0.52   -0.50     0.02
DAYS >= .01        2                3.8    -1.8        1
DAYS >= .10        0                1.5    -1.5        0
DAYS >= .50        0                0.2    -0.2        0
DAYS >= 1.00       0                0.0     0.0        0
GREATEST
 24 HR. TOTAL   0.02   08/09 TO 08/10


DEGREE DAYS
HEATING TOTAL      0                 25     -25        9
 SINCE 7/1         4                 54     -50       MM
COOLING TOTAL    239                124     115      189
 SINCE 1/1       503                287     216       MM
................................................................

WIND (MPH)
AVERAGE WIND SPEED              5.5
RESULTANT WIND SPEED/DIRECTION   4/360
HIGHEST WIND SPEED/DIRECTION    17/010    DATE  08/05
                                17/360          08/17
                                17/360          08/23
HIGHEST GUST SPEED/DIRECTION    25/290    DATE  08/26

SKY COVER
POSSIBLE SUNSHINE (PERCENT)   MM
AVERAGE SKY COVER           0.16

AVERAGE RH (PERCENT)     61

WEATHER CONDITIONS. NUMBER OF DAYS WITH
THUNDERSTORM              0     MIXED PRECIP               0
HEAVY RAIN                0     RAIN                       1
LIGHT RAIN                2     FREEZING RAIN              0
LT FREEZING RAIN          0     HAIL                       0
HEAVY SNOW                0     SNOW                       0
LIGHT SNOW                0     SLEET                      0
FOG                       2     FOG W/VIS <= 1/4 MILE      0
HAZE                      3

-  INDICATES NEGATIVE NUMBERS.
R  INDICATES RECORD WAS SET OR TIED.
MM INDICATES DATA IS MISSING.
T  INDICATES TRACE AMOUNT.

$$
