000
CXUS53 KILX 011508
CLMSPI

CLIMATE REPORT
NATIONAL WEATHER SERVICE LINCOLN IL
1008 AM CDT THU SEP 01 2022

...................................

...THE SPRINGFIELD IL CLIMATE SUMMARY FOR THE MONTH OF AUGUST 2022...

CLIMATE NORMAL PERIOD 1991 TO 2020
CLIMATE RECORD PERIOD 1879 TO 2022

WEATHER         OBSERVED          NORMAL  DEPART   LAST YEAR`S
                VALUE   DATE(S)   VALUE   FROM     VALUE
                                          NORMAL
..............................................................
TEMPERATURE (F)
RECORD
 HIGH            108   08/09/1934
                       08/08/1934
 LOW              43   08/29/1986
                       08/13/1964
HIGHEST           92   08/03         85       7       94
LOWEST            55   08/12         65     -10       54
                       08/31
AVG. MAXIMUM    84.8               85.4    -0.6     86.5
AVG. MINIMUM    64.4               64.3     0.1     66.1
MEAN            74.6               74.9    -0.3     76.3
DAYS MAX >= 90     4                6.9    -2.9        7
DAYS MAX <= 32     0                0.0     0.0        0
DAYS MIN <= 32     0                0.0     0.0        0
DAYS MIN <= 0      0                0.0     0.0        0

PRECIPITATION (INCHES)
RECORD
 MAXIMUM       10.82   2016
 MINIMUM        0.10   1943
TOTALS          5.39               3.37    2.02     5.69
DAILY AVG.      0.17               0.11    0.06     0.18
DAYS >= .01       11                8.2     2.8        9
DAYS >= .10        7                5.0     2.0        6
DAYS >= .50        3                2.2     0.8        5
DAYS >= 1.00       2                0.9     1.1        2
GREATEST
 24 HR. TOTAL   1.87   08/20 TO 08/20               2.84

SNOWFALL (INCHES)
RECORDS
 TOTAL           0.0   MM
TOTALS           0.0                0.0     0.0      0.0
SINCE 7/1        0.0                0.0     0.0       MM
DAYS >= 1.0        0                0.0     0.0        0
GREATEST
 SNOW DEPTH        0                                   0
 24 HR TOTAL      MM                                  MM

DEGREE DAYS
HEATING TOTAL      0                  3      -3        0
 SINCE 7/1         0                  1      -1       MM
COOLING TOTAL    303                308      -5      360
 SINCE 1/1      1125               1069      56       MM
..............................................................

WIND (MPH)
AVERAGE WIND SPEED              5.8
HIGHEST WIND SPEED/DIRECTION    30/260    DATE  08/29
HIGHEST GUST SPEED/DIRECTION    44/260    DATE  08/29

SKY COVER
POSSIBLE SUNSHINE (PERCENT)   MM
AVERAGE SKY COVER           0.30
NUMBER OF DAYS FAIR           20
NUMBER OF DAYS PC             10
NUMBER OF DAYS CLOUDY          1

AVERAGE RH (PERCENT)     73

WEATHER CONDITIONS. NUMBER OF DAYS WITH
THUNDERSTORM              9     MIXED PRECIP               0
HEAVY RAIN                7     RAIN                       6
LIGHT RAIN               13     FREEZING RAIN              0
LT FREEZING RAIN          0     HAIL                       0
HEAVY SNOW                0     SNOW                       0
LIGHT SNOW                0     SLEET                      0
FOG                      12     FOG W/VIS <= 1/4 MILE      1
HAZE                      1

-  INDICATES NEGATIVE NUMBERS.
R  INDICATES RECORD WAS SET OR TIED.
MM INDICATES DATA IS MISSING.
T  INDICATES TRACE AMOUNT.
&&

NO DAILY RECORDS WERE SET OR TIED DURING AUGUST 2022.

$$

ERWIN
