000
CXUS54 KOUN 011416
CLMSPS

CLIMATE REPORT
NATIONAL WEATHER SERVICE NORMAN OK
916 AM CDT THU SEP 01 2022

...................................

...THE WICHITA FALLS CLIMATE SUMMARY FOR THE MONTH OF AUGUST 2022...

CLIMATE NORMAL PERIOD 1991 TO 2020
CLIMATE RECORD PERIOD 1897 TO 2022

WEATHER         OBSERVED          NORMAL  DEPART   LAST YEAR`S
                VALUE   DATE(S)   VALUE   FROM     VALUE
                                          NORMAL
..............................................................
TEMPERATURE (F)
RECORD
 HIGH            113   08/06/1964
                       08/11/1936
 LOW              53   08/28/1992
HIGHEST          108                105       3      101
LOWEST            67                 62       5       64
AVG. MAXIMUM    97.7               96.6     1.1     93.6
AVG. MINIMUM    74.0               71.5     2.5     71.7
MEAN            85.9               84.1     1.8     82.7
DAYS MAX >= 90    27               26.7     0.3       25
DAYS MAX <= 32     0                0.0     0.0        0
DAYS MIN <= 32     0                0.0     0.0        0
DAYS MIN <= 0      0                0.0     0.0        0

PRECIPITATION (INCHES)
RECORD
 MAXIMUM       11.05   1914
 MINIMUM        0.00   2000
                       1936
                       1913
                       1902
TOTALS          1.84               2.53   -0.69     4.80
DAILY AVG.      0.06               0.08   -0.02     0.15
DAYS >= .01        6                6.0     0.0        5
DAYS >= .10        3                3.8    -0.8        5
DAYS >= .50        1                1.5    -0.5        4
DAYS >= 1.00       0                0.7    -0.7        3
GREATEST
 24 HR. TOTAL   1.31   08/20 TO 08/21

DEGREE DAYS
COOLING TOTAL    653                590      63
 SINCE 1/1      2509               1988     521
..............................................................

WIND (MPH)
AVERAGE WIND SPEED              9.8
HIGHEST WIND SPEED/DIRECTION    36/260    DATE  08/08
HIGHEST GUST SPEED/DIRECTION    46/270    DATE  08/08


WEATHER CONDITIONS. NUMBER OF DAYS WITH
THUNDERSTORM              7     MIXED PRECIP               0
HEAVY RAIN                2     RAIN                       2
LIGHT RAIN               10     FREEZING RAIN              0
LT FREEZING RAIN          0     HAIL                       0
HEAVY SNOW                0     SNOW                       0
LIGHT SNOW                0     SLEET                      0
FOG                       4     FOG W/VIS <= 1/4 MILE      1
HAZE                      0

-  INDICATES NEGATIVE NUMBERS.
R  INDICATES RECORD WAS SET OR TIED.
MM INDICATES DATA IS MISSING.
T  INDICATES TRACE AMOUNT.
..............................................................
RECORDS/REMARKS
RECORD COLD MAXIMUM TEMPERATURE OF 74 DEGREES SET AUG 21.
JANUARY - AUGUST 2022 PRECIPITATION TOTAL IS 11.78 INCHES.

$$
