000
CXUS53 KMPX 010635
CLMSTC

CLIMATE REPORT
NATIONAL WEATHER SERVICE TWIN CITIES/CHANHASSEN MN
135 AM CDT SAT OCT 01 2022

...................................

...THE ST CLOUD MN CLIMATE SUMMARY FOR THE MONTH OF SEPTEMBER 2022...

CLIMATE NORMAL PERIOD 1991 TO 2020
CLIMATE RECORD PERIOD 1893 TO 2022

WEATHER         OBSERVED          NORMAL  DEPART   LAST YEAR`S
                VALUE   DATE(S)   VALUE   FROM     VALUE DATE(S)
                                          NORMAL
................................................................
TEMPERATURE (F)
RECORD
 HIGH            106   09/10/1931
 LOW              18   09/22/1974
                       09/28/1942
HIGHEST           88   09/01         79       9       89  09/16
                       09/02
                                                          09/19
LOWEST            30   09/28         38      -8       39  09/22
AVG. MAXIMUM    73.8               71.0     2.8     75.4
AVG. MINIMUM    50.2               48.0     2.2     49.7
MEAN            62.0               59.5     2.5     62.6
DAYS MAX >= 90     0                0.5    -0.5        0
DAYS MAX <= 32     0                0.0     0.0        0
DAYS MIN <= 32     1                1.7    -0.7        0
DAYS MIN <= 0      0                0.0     0.0        0

PRECIPITATION (INCHES)
RECORD
 MAXIMUM       10.72   1926
 MINIMUM        0.07   1952
TOTALS          2.23               3.01   -0.78     3.82
DAILY AVG.      0.07               0.10   -0.03     0.13
DAYS >= .01        8               10.0    -2.0        9
DAYS >= .10        4                5.3    -1.3        7
DAYS >= .50        2                1.7     0.3        3
DAYS >= 1.00       0                0.7    -0.7        1
GREATEST
 24 HR. TOTAL   0.87   09/09 TO 09/09

SNOWFALL (INCHES)
RECORDS
 TOTAL           1.8   5
TOTALS           0.0                0.0     0.0      0.0
SINCE 7/1        0.0                0.0     0.0       MM
SNOWDEPTH AVG.     0                                   0
DAYS >= 1.0        0                0.0     0.0        0
GREATEST
 SNOW DEPTH        0                                   0  MM
 24 HR TOTAL      MM

DEGREE DAYS
HEATING TOTAL    148                206     -58      109
 SINCE 7/1       151                261    -110       MM
COOLING TOTAL     63                 41      22       44
 SINCE 1/1       594                465     129       MM
................................................................

WIND (MPH)
AVERAGE WIND SPEED              6.5
HIGHEST WIND SPEED/DIRECTION    30/310    DATE  09/25
HIGHEST GUST SPEED/DIRECTION    40/280    DATE  09/25

SKY COVER
POSSIBLE SUNSHINE (PERCENT)   MM
AVERAGE SKY COVER           0.24
NUMBER OF DAYS FAIR           24
NUMBER OF DAYS PC              2
NUMBER OF DAYS CLOUDY          4

AVERAGE RH (PERCENT)     72

WEATHER CONDITIONS. NUMBER OF DAYS WITH
THUNDERSTORM              3     MIXED PRECIP               0
HEAVY RAIN                2     RAIN                       4
LIGHT RAIN                8     FREEZING RAIN              0
LT FREEZING RAIN          0     HAIL                       0
HEAVY SNOW                0     SNOW                       0
LIGHT SNOW                0     SLEET                      0
FOG                      14     FOG W/VIS <= 1/4 MILE      3
HAZE                      0

-  INDICATES NEGATIVE NUMBERS.
R  INDICATES RECORD WAS SET OR TIED.
MM INDICATES DATA IS MISSING.
T  INDICATES TRACE AMOUNT.

$$
