000
CXUS53 KEAX 010639
CLMSTJ

STLCLMWK1 000
TTAA00 EAX 010636

CLIMATE REPORT
NATIONAL WEATHER SERVICE KANSAS CITY/PLEASANT HILL MO
136 AM CDT SAT OCT 01 2022

...................................

...THE ST. JOSEPH MO CLIMATE SUMMARY FOR THE MONTH OF SEPTEMBER 2022...

CLIMATE NORMAL PERIOD: 1991 TO 2020
CLIMATE RECORD PERIOD: 1892 TO 2022

WEATHER         OBSERVED          NORMAL  DEPART   LAST YEAR`S
                VALUE   DATE(S)   VALUE   FROM     VALUE DATE(S)
                                          NORMAL
................................................................
TEMPERATURE (F)
RECORD
 HIGH            107   09/03/1947
 LOW              29   09/30/1984
HIGHEST           97   09/20         92       5       95  09/27
LOWEST            37   09/30         36       1       39  09/23
AVG. MAXIMUM    80.0               79.7     0.3     83.8
AVG. MINIMUM    52.5               54.4    -1.9     56.2
MEAN            66.3               67.0    -0.7     70.0
DAYS MAX >= 90     2                4.4    -2.4        4
DAYS MAX <= 32     0                0.0     0.0        0
DAYS MIN <= 32     0                0.1    -0.1        0
DAYS MIN <= 0      0                0.0     0.0        0

PRECIPITATION (INCHES)
RECORD
 MAXIMUM       12.24   1986
 MINIMUM        0.00   2011
TOTALS          2.30               3.18   -0.88     1.18
DAILY AVG.      0.08               0.11   -0.03     0.04
DAYS >= .01        6                8.4    -2.4        5
DAYS >= .10        4                4.6    -0.6        1
DAYS >= .50        3                1.8     1.2        1
DAYS >= 1.00       0                0.8    -0.8        1
GREATEST
 24 HR. TOTAL   0.74   09/17 TO 09/17


DEGREE DAYS
HEATING TOTAL     74                 71       3       23
 SINCE 7/1        74                 76      -2       MM
COOLING TOTAL    121                133     -12      179
 SINCE 1/1      1155               1261    -106       MM
................................................................

WIND (MPH)
AVERAGE WIND SPEED              6.1
HIGHEST WIND SPEED/DIRECTION    25/350    DATE  09/25
HIGHEST GUST SPEED/DIRECTION    37/360    DATE  09/25

SKY COVER
POSSIBLE SUNSHINE (PERCENT)   MM
AVERAGE SKY COVER           0.17
NUMBER OF DAYS FAIR           23
NUMBER OF DAYS PC              5
NUMBER OF DAYS CLOUDY          2

AVERAGE RH (PERCENT)     73

WEATHER CONDITIONS. NUMBER OF DAYS WITH
THUNDERSTORM              3     MIXED PRECIP               0
HEAVY RAIN                4     RAIN                       4
LIGHT RAIN                7     FREEZING RAIN              0
LT FREEZING RAIN          0     HAIL                       0
HEAVY SNOW                0     SNOW                       0
LIGHT SNOW                0     SLEET                      0
FOG                      19     FOG W/VIS <= 1/4 MILE      6
HAZE                      1

-  INDICATES NEGATIVE NUMBERS.
R  INDICATES RECORD WAS SET OR TIED.
MM INDICATES DATA IS MISSING.
T  INDICATES TRACE AMOUNT.

$$
