000
CXUS56 KMTR 010840
CLMSTS

CLIMATE REPORT
NATIONAL WEATHER SERVICE SAN FRANCISCO BAY AREA
140 AM PDT THU SEP 01 2022

...................................

...THE SANTA ROSA AIRPORT CLIMATE SUMMARY FOR THE MONTH OF AUGUST 2022...

CLIMATE NORMAL PERIOD: 1991 TO 2020
CLIMATE RECORD PERIOD: 1998 TO 2022

WEATHER         OBSERVED          NORMAL  DEPART   LAST YEAR`S
                VALUE   DATE(S)   VALUE   FROM     VALUE DATE(S)
                                          NORMAL
................................................................
TEMPERATURE (F)
RECORD
 HIGH            107   MM
 LOW              42   08/30/2010
HIGHEST          100   08/16                         102  08/16
                                                          08/28
LOWEST            48   08/08                          44  08/31
                       08/13
AVG. MAXIMUM    86.4               84.1     2.3     83.0
AVG. MINIMUM    52.7               51.9     0.8     51.9
MEAN            69.5               68.0     1.5     67.4
DAYS MAX >= 90    11                7.3     3.7        4
DAYS MAX <= 32     0                0.0     0.0        0
DAYS MIN <= 32     0                0.0     0.0        0
DAYS MIN <= 0      0                0.0     0.0        0

PRECIPITATION (INCHES)
RECORD
 MAXIMUM        0.09   2020
 MINIMUM        0.00   2012
TOTALS             T                                   T
DAILY AVG.         T                                   T
DAYS >= .01        0                                   0
DAYS >= .10        0                                   0
DAYS >= .50        0                                   0
DAYS >= 1.00       0                                   0
GREATEST
 24 HR. TOTAL      T   08/01 TO 08/01                  T  08/21 TO 08/21
                       08/04 TO 08/04
                       08/27 TO 08/27
                                                          08/22 TO 08/22
                                                          08/21 TO 08/21


DEGREE DAYS
HEATING TOTAL      0                                  15
 SINCE 7/1         4                                  MM
COOLING TOTAL    149                                  99
 SINCE 1/1       402                                  MM
................................................................

WIND (MPH)
AVERAGE WIND SPEED              5.0
RESULTANT WIND SPEED/DIRECTION   4/170
HIGHEST WIND SPEED/DIRECTION    20/180    DATE  08/04
HIGHEST GUST SPEED/DIRECTION    28/180    DATE  08/04

SKY COVER
POSSIBLE SUNSHINE (PERCENT)   MM
AVERAGE SKY COVER           0.27
NUMBER OF DAYS FAIR           20
NUMBER OF DAYS PC             11
NUMBER OF DAYS CLOUDY          0

AVERAGE RH (PERCENT)     66

WEATHER CONDITIONS. NUMBER OF DAYS WITH
THUNDERSTORM              0     MIXED PRECIP               0
HEAVY RAIN                0     RAIN                       0
LIGHT RAIN                2     FREEZING RAIN              0
LT FREEZING RAIN          0     HAIL                       0
HEAVY SNOW                0     SNOW                       0
LIGHT SNOW                0     SLEET                      0
FOG                      22     FOG W/VIS <= 1/4 MILE      7
HAZE                     11

-  INDICATES NEGATIVE NUMBERS.
R  INDICATES RECORD WAS SET OR TIED.
MM INDICATES DATA IS MISSING.
T  INDICATES TRACE AMOUNT.

$$
