000
CXUS53 KFSD 011556 RRA
CLMSUX

CLIMATE REPORT
NATIONAL WEATHER SERVICE SIOUX FALLS SD
1055 AM CDT SAT OCT 01 2022

...................................

...THE SIOUX CITY IA CLIMATE SUMMARY FOR THE MONTH OF SEPTEMBER 2022...

CLIMATE NORMAL PERIOD: 1991 TO 2020
CLIMATE RECORD PERIOD: 1889 TO 2022

WEATHER         OBSERVED          NORMAL  DEPART   LAST YEAR`S
                VALUE   DATE(S)   VALUE   FROM     VALUE DATE(S)
                                          NORMAL
................................................................
TEMPERATURE (F)
RECORD
 HIGH            103   09/02/2000
 LOW              24   09/29/1945
HIGHEST           97   09/20         MM      MM       92  09/27
LOWEST            37   09/28         MM      MM       34  09/25
AVG. MAXIMUM    82.0               76.6     5.4     80.3
AVG. MINIMUM    51.6               51.2     0.4     53.4
MEAN            66.8               63.9     2.9     66.9
DAYS MAX >= 90     5                2.3     2.7        3
DAYS MAX <= 32     0                0.0     0.0        0
DAYS MIN <= 32     0                0.8    -0.8        0
DAYS MIN <= 0      0                0.0     0.0        0

PRECIPITATION (INCHES)
RECORD
 MAXIMUM        9.69   1965
 MINIMUM        0.07   1950
TOTALS          0.76               2.84   -2.08     2.54
DAILY AVG.      0.03               0.09   -0.06     0.08
DAYS >= .01        5                8.0    -3.0        5
DAYS >= .10        3                4.6    -1.6        4
DAYS >= .50        0                1.8    -1.8        2
DAYS >= 1.00       0                0.8    -0.8        1
GREATEST
 24 HR. TOTAL   0.47   09/09 TO 09/10

DEGREE DAYS
HEATING TOTAL     64                121     -57       46
 SINCE 7/1        64                137     -73       MM
COOLING TOTAL    126                 88      38      111
 SINCE 1/1      1136                856     280       MM
................................................................

WIND (MPH)
AVERAGE WIND SPEED              8.9
HIGHEST WIND SPEED/DIRECTION    37/330    DATE  09/25
HIGHEST GUST SPEED/DIRECTION    49/340    DATE  09/25

SKY COVER
POSSIBLE SUNSHINE (PERCENT)   MM
AVERAGE SKY COVER           0.11
NUMBER OF DAYS FAIR           26
NUMBER OF DAYS PC              4
NUMBER OF DAYS CLOUDY          0

AVERAGE RH (PERCENT)     65

WEATHER CONDITIONS. NUMBER OF DAYS WITH
THUNDERSTORM              4     MIXED PRECIP               0
HEAVY RAIN                2     RAIN                       4
LIGHT RAIN                7     FREEZING RAIN              0
LT FREEZING RAIN          0     HAIL                       0
HEAVY SNOW                0     SNOW                       0
LIGHT SNOW                0     SLEET                      0
FOG                      15     FOG W/VIS <= 1/4 MILE      0
HAZE                      0

-  INDICATES NEGATIVE NUMBERS.
R  INDICATES RECORD WAS SET OR TIED.
MM INDICATES DATA IS MISSING.
T  INDICATES TRACE AMOUNT.

$$
