000
CXUS51 KBGM 012220 CCB
CLMSYR

CLIMATE REPORT...CORRECTED
NATIONAL WEATHER SERVICE BINGHAMTON, NY
619 PM EDT THU SEP 01 2022

...................................

...THE SYRACUSE NY CLIMATE SUMMARY FOR THE MONTH OF AUGUST 2022...

CLIMATE NORMAL PERIOD 1991 TO 2020
CLIMATE RECORD PERIOD 1902 TO 2022

WEATHER         OBSERVED          NORMAL  DEPART   LAST YEAR`S
                VALUE   DATE(S)   VALUE   FROM     VALUE DATE(S)
                                          NORMAL
................................................................
TEMPERATURE (F)
RECORD
 HIGH            101   08/14/2002
 LOW              40   08/31/1965
                       08/30/1965
HIGHEST           94   08/08         79      15       92  08/11
                       08/29
                                                          08/25
LOWEST            51   08/13         59      -8       52  08/03
AVG. MAXIMUM    84.6               80.3     4.3     84.7
AVG. MINIMUM    63.9               60.4     3.5     66.2
MEAN            74.3               70.4     3.9     75.5
DAYS MAX >= 90     6                2.3     3.7        5
DAYS MAX <= 32     0                0.0     0.0        0
DAYS MIN <= 32     0                0.0     0.0        0
DAYS MIN <= 0      0                0.0     0.0        0

PRECIPITATION (INCHES)
RECORD
 MAXIMUM        8.41   1956
 MINIMUM        1.02   1999
TOTALS          4.51               3.70    0.81     6.57
DAILY AVG.      0.15               0.12    0.03     0.21
DAYS >= .01       13               10.7     2.3       14
DAYS >= .10       10                6.8     3.2        8
DAYS >= .50        2                2.6    -0.6        4
DAYS >= 1.00       1                0.8     0.2        2
GREATEST
 24 HR. TOTAL   1.53   08/21 TO 08/22

SNOWFALL (INCHES)
RECORDS
 TOTAL             T   2008
 24 HR TOTAL       T   08/07/2008 TO 08/07/2008
 SNOW DEPTH        0   MM
TOTALS           0.0                0.0     0.0      0.0
SINCE 7/1        0.0                0.0     0.0      0.0
SNOWDEPTH AVG.     0                                   0
DAYS >= TRACE      0                0.0     0.0        0
DAYS >= 1.0        0                0.0     0.0        0
GREATEST
 SNOW DEPTH        0                                   0
 24 HR TOTAL       0

DEGREE DAYS
HEATING TOTAL      0                 14     -14        0
 SINCE 7/1         0                 15     -15        3
COOLING TOTAL    297                180     117      333
 SINCE 1/1       728                551     177      872
................................................................

WIND (MPH)
AVERAGE WIND SPEED              6.2
RESULTANT WIND SPEED/DIRECTION   2/250
HIGHEST WIND SPEED/DIRECTION    37/250    DATE  08/08
HIGHEST GUST SPEED/DIRECTION    48/230    DATE  08/08

SKY COVER
POSSIBLE SUNSHINE (PERCENT)   MM
AVERAGE SKY COVER           0.61
NUMBER OF DAYS FAIR            4
NUMBER OF DAYS PC             17
NUMBER OF DAYS CLOUDY         10

AVERAGE RH (PERCENT)     67

WEATHER CONDITIONS. NUMBER OF DAYS WITH
THUNDERSTORM             11     MIXED PRECIP               0
HEAVY RAIN                5     RAIN                       8
LIGHT RAIN               17     FREEZING RAIN              0
LT FREEZING RAIN          0     HAIL                       0
HEAVY SNOW                0     SNOW                       0
LIGHT SNOW                0     SLEET                      0
FOG                      10     FOG W/VIS <= 1/4 MILE      0
HAZE                      1

-  INDICATES NEGATIVE NUMBERS.
R  INDICATES RECORD WAS SET OR TIED.
MM INDICATES DATA IS MISSING.
T  INDICATES TRACE AMOUNT.

&&
4TH WARMEST AUGUST
REPLACED MISSING DATA WITH ACTUAL

$$

TAC
