000
CXUS54 KBMX 050443
CLMTCL

CLIMATE REPORT
NATIONAL WEATHER SERVICE BIRMINGHAM AL
1143 PM CDT TUE OCT 04 2022

...................................

...THE TUSCALOOSA CLIMATE SUMMARY FOR THE MONTH OF SEPTEMBER 2022...

CLIMATE NORMAL PERIOD 1991 TO 2020
CLIMATE RECORD PERIOD 1948 TO 2022

WEATHER         OBSERVED          NORMAL  DEPART   LAST YEAR`S
                VALUE   DATE(S)   VALUE   FROM     VALUE DATE(S)
                                          NORMAL
................................................................
TEMPERATURE (F)
RECORD
 HIGH            104   09/04/1954
                       09/01/1951
 LOW              37   09/30/1967
HIGHEST           98   09/22         MM      MM       93  09/01
LOWEST            50   09/27         MM      MM       51  09/24
                       09/28
AVG. MAXIMUM    86.5               87.0    -0.5     85.5
AVG. MINIMUM    63.8               65.6    -1.8     66.0
MEAN            75.2                                75.8
DAYS MAX >= 90     7               12.6    -5.6        5
DAYS MAX <= 32     0                0.0     0.0        0
DAYS MIN <= 32     0                0.0     0.0        0
DAYS MIN <= 0      0                0.0     0.0        0

PRECIPITATION (INCHES)
RECORD
 MAXIMUM        9.74   2011
 MINIMUM        0.00   1955
TOTALS          2.71               3.40   -0.69     3.02
DAILY AVG.      0.09               0.11   -0.02
DAYS >= .01        6                7.6    -1.6
DAYS >= .10        5                4.7     0.3
DAYS >= .50        3                2.0     1.0
DAYS >= 1.00       0                1.0    -1.0

DEGREE DAYS
HEATING TOTAL      1                  4      -3        0
 SINCE 7/1         1                  1       0       MM
COOLING TOTAL    315                342     -27      330
 SINCE 1/1      2377               2138     239       MM
................................................................

WIND (MPH)
AVERAGE WIND SPEED              4.0
HIGHEST WIND SPEED/DIRECTION    25/240    DATE  09/11
                                25/010          09/28
HIGHEST GUST SPEED/DIRECTION    31/250    DATE  09/11
                                31/020          09/28

AVERAGE RH (PERCENT)     70

WEATHER CONDITIONS. NUMBER OF DAYS WITH
THUNDERSTORM              6     MIXED PRECIP               0
HEAVY RAIN                4     RAIN                       3
LIGHT RAIN                8     FREEZING RAIN              0
LT FREEZING RAIN          0     HAIL                       0
HEAVY SNOW                0     SNOW                       0
LIGHT SNOW                0     SLEET                      0
FOG                      20     FOG W/VIS <= 1/4 MILE      1
HAZE                      4

-  INDICATES NEGATIVE NUMBERS.
R  INDICATES RECORD WAS SET OR TIED.
MM INDICATES DATA IS MISSING.
T  INDICATES TRACE AMOUNT.

$$
