000
CXUS52 KTAE 011350
CLMTLH

CLIMATE REPORT
NATIONAL WEATHER SERVICE TALLAHASSEE FL
950 AM EDT THU SEP 01 2022

...................................

...THE TALLAHASSEE CLIMATE SUMMARY FOR THE MONTH OF AUGUST 2022...

CLIMATE NORMAL PERIOD 1991 TO 2020
CLIMATE RECORD PERIOD 1896 TO 2022

WEATHER         OBSERVED          NORMAL  DEPART   LAST YEAR`S
                VALUE   DATE(S)   VALUE   FROM     VALUE DATE(S)
                                          NORMAL
................................................................
TEMPERATURE (F)
RECORD
 HIGH            103   08/15/1995
 LOW              57   08/23/1997
HIGHEST           96   08/17         MM      MM       97  08/09
                                                          08/19
LOWEST            70   08/15         MM      MM       71  08/04
AVG. MAXIMUM    90.8               91.5    -0.7     91.4
AVG. MINIMUM    73.0               73.2    -0.2     73.8
MEAN            81.9               82.4    -0.5     82.6
DAYS MAX >= 90    26               23.8     2.2       21
DAYS MAX <= 32     0                0.0     0.0        0
DAYS MIN <= 32     0                0.0     0.0        0
DAYS MIN <= 0      0                0.0     0.0        0

PRECIPITATION (INCHES)
RECORD
 MAXIMUM       16.52   2008
 MINIMUM        2.03   2011
TOTALS          8.47               7.60    0.87     5.55

SNOWFALL (INCHES)
RECORDS
 TOTAL            MM   MM
TOTALS            MM                 MM      MM       MM
SINCE 7/1         MM                 MM      MM       MM

DEGREE DAYS
HEATING TOTAL      0                  0       0        0
 SINCE 7/1         0                  0       0       MM
COOLING TOTAL    533                538      -5      552
 SINCE 1/1      2241               2070     171       MM
................................................................

WIND (MPH)
AVERAGE WIND SPEED              4.0
RESULTANT WIND SPEED/DIRECTION   1/120
HIGHEST WIND SPEED/DIRECTION    33/120    DATE  08/05
HIGHEST GUST SPEED/DIRECTION    47/120    DATE  08/05

SKY COVER
POSSIBLE SUNSHINE (PERCENT)   MM
AVERAGE SKY COVER           0.49
NUMBER OF DAYS FAIR            4
NUMBER OF DAYS PC             26
NUMBER OF DAYS CLOUDY          1

AVERAGE RH (PERCENT)     82

WEATHER CONDITIONS. NUMBER OF DAYS WITH
THUNDERSTORM             26     MIXED PRECIP               0
HEAVY RAIN                7     RAIN                      10
LIGHT RAIN               20     FREEZING RAIN              0
LT FREEZING RAIN          0     HAIL                       0
HEAVY SNOW                0     SNOW                       0
LIGHT SNOW                0     SLEET                      0
FOG                      13     FOG W/VIS <= 1/4 MILE      0
HAZE                      3

-  INDICATES NEGATIVE NUMBERS.
R  INDICATES RECORD WAS SET OR TIED.
MM INDICATES DATA IS MISSING.
T  INDICATES TRACE AMOUNT.

$$
